{"id":2309,"date":"2018-03-23T12:15:23","date_gmt":"2018-03-23T12:15:23","guid":{"rendered":"http:\/\/guitarracordoba.es\/?page_id=2309"},"modified":"2018-03-23T12:21:23","modified_gmt":"2018-03-23T12:21:23","slug":"jose-tomas-y-su-legado","status":"publish","type":"page","link":"https:\/\/teatrocordoba.es\/festival-guitarra-cordoba\/jose-tomas-y-su-legado\/","title":{"rendered":"JOS\u00c9 TOM\u00c1S Y SU LEGADO"},"content":{"rendered":"<div class=\"fusion-fullwidth fullwidth-box fusion-builder-row-1 nonhundred-percent-fullwidth non-hundred-percent-height-scrolling\" style=\"background-color: rgba(255,255,255,0);background-position: center center;background-repeat: no-repeat;padding-top:0px;padding-right:0px;padding-bottom:0px;padding-left:0px;margin-bottom: 0px;margin-top: 0px;border-width: 0px 0px 0px 0px;border-color:#e7e4e2;border-style:solid;\" ><div class=\"fusion-builder-row fusion-row\"><div class=\"fusion-layout-column fusion_builder_column fusion-builder-column-0 fusion_builder_column_1_1 1_1 fusion-one-full fusion-column-first fusion-column-last\" style=\"margin-top:0px;margin-bottom:0px;\"><div class=\"fusion-column-wrapper fusion-flex-column-wrapper-legacy\" style=\"background-position:left top;background-repeat:no-repeat;-webkit-background-size:cover;-moz-background-size:cover;-o-background-size:cover;background-size:cover;padding: 0px 0px 0px 0px;\"><div class=\"fusion-text fusion-text-1\" style=\"transform:translate3d(0,0,0);\"><p style=\"text-align: justify;\">Desde el a\u00f1o 2002, el Festival de la Guitarra de C\u00f3rdoba\u00a0 viene dedicando sus Jornadas de Estudio\u00a0 a nombres propios de la guitarra. Desde entonces, se han celebrado las actividades programadas en torno a Francisco T\u00e1rrega (2002), Andr\u00e9s Segovia (2003), Paco de Luc\u00eda (2004), Leo Brouwer (2005)\u00a0 Manolo Sanl\u00facar (2006), Antonio de Torres (2007), Julian Bream (2008), Joaqu\u00edn Rodrigo (2009), John McLaughlin (2010), Angelo Gilardino (2011), Sabicas (2012), Narciso Yepes (2013), Pat Metheny (2014), Miguel Llobet (2015) y Regino y Eduardo Sainz de la Maza (2016), Jimi Hendrix (2017).<\/p>\n<p style=\"text-align: justify;\">Las Jornadas de Estudio 2018 estar\u00e1n dedicadas al reconocido guitarrista y profesor <em>Jos\u00e9 Tom\u00e1s P\u00e9rez Sell\u00e9s<\/em> (Alicante, 1934-2001) quien engloba y aglutina una serie de conceptos pedag\u00f3gicos ante sus disc\u00edpulos (muchos de ellos de fama mundial) nunca antes vistos. Supuso una revoluci\u00f3n en la ense\u00f1anza del instrumento y un despegue del \u2018concepto\u2019 de profesor, desde su m\u00e1s alta consideraci\u00f3n, siguiendo la estela de un T\u00e1rrega o un Segovia, y siendo tambi\u00e9n alumno de este \u00faltimo. De hecho, son estas tres figuras -junto con Yepes y los hermanos Sainz de la Maza- los referentes imprescindibles para entender la guitarra en Espa\u00f1a en toda su globalidad y complejidad.<\/p>\n<p style=\"text-align: justify;\">En estas Jornadas se tratar\u00e1 sobre el legado del Maestro Tom\u00e1s tanto desde su particularidad como desde sus afinidades con la tradici\u00f3n guitarr\u00edstica ib\u00e9rica, sin dejar a un lado su faceta de concertista y transcriptor frecuente de obras del valioso acervo renacentista y barroco espa\u00f1ol. Los invitados a las Jornadas, Pedro Jes\u00fas G\u00f3mez, Ignacio Rodes y Marco Smaili \u2013los tres alumnos del alicantino-, glosar\u00e1n en sus ponencias la figura de Jos\u00e9 Tom\u00e1s con enfoques diversos y objetivos, revel\u00e1ndonos al profesor, al artista y, por supuesto y no menos importante, al hombre.<\/p>\n<p>Programa de conferencias:<\/p>\n<ul>\n<li><strong>Pedro Jes\u00fas G\u00f3mez<\/strong>-: <em>Jos\u00e9 Tom\u00e1s o c\u00f3mo mirar la m\u00fasica a trav\u00e9s de la guitarra <\/em>(9 de julio)<\/li>\n<li><strong>Ignacio Rodes<\/strong><em>: Jos\u00e9 Tom\u00e1s: el hombre y la modernidad guitarr\u00edstica <\/em>(10 de julio)<\/li>\n<li><strong>Marco Smaili<\/strong>: <em>Jos\u00e9 Tom\u00e1s, un genio cotidiano <\/em>(11 de julio)<\/li>\n<\/ul>\n<p><strong>Coordinador<\/strong>: Eduardo Garrido<\/p>\n<p><strong>Hora<\/strong>: 19&#8217;00 h<\/p>\n<p><strong>Lugar<\/strong>: Aula Magna de la facultad de Filosof\u00eda y Letras de la Universidad de C\u00f3rdoba<\/p>\n<p><strong>Entrada libre<\/strong><\/p>\n<\/div><div class=\"fusion-clearfix\"><\/div><\/div><\/div><\/div><\/div>\n","protected":false},"excerpt":{"rendered":"","protected":false},"author":4,"featured_media":0,"parent":0,"menu_order":0,"comment_status":"closed","ping_status":"closed","template":"","meta":[],"acf":[],"_links":{"self":[{"href":"https:\/\/teatrocordoba.es\/festival-guitarra-cordoba\/wp-json\/wp\/v2\/pages\/2309"}],"collection":[{"href":"https:\/\/teatrocordoba.es\/festival-guitarra-cordoba\/wp-json\/wp\/v2\/pages"}],"about":[{"href":"https:\/\/teatrocordoba.es\/festival-guitarra-cordoba\/wp-json\/wp\/v2\/types\/page"}],"author":[{"embeddable":true,"href":"https:\/\/teatrocordoba.es\/festival-guitarra-cordoba\/wp-json\/wp\/v2\/users\/4"}],"replies":[{"embeddable":true,"href":"https:\/\/teatrocordoba.es\/festival-guitarra-cordoba\/wp-json\/wp\/v2\/comments?post=2309"}],"version-history":[{"count":4,"href":"https:\/\/teatrocordoba.es\/festival-guitarra-cordoba\/wp-json\/wp\/v2\/pages\/2309\/revisions"}],"predecessor-version":[{"id":2320,"href":"https:\/\/teatrocordoba.es\/festival-guitarra-cordoba\/wp-json\/wp\/v2\/pages\/2309\/revisions\/2320"}],"wp:attachment":[{"href":"https:\/\/teatrocordoba.es\/festival-guitarra-cordoba\/wp-json\/wp\/v2\/media?parent=2309"}],"curies":[{"name":"wp","href":"https:\/\/api.w.org\/{rel}","templated":true}]}}