{"id":2772,"date":"2018-04-23T15:07:14","date_gmt":"2018-04-23T15:07:14","guid":{"rendered":"http:\/\/guitarracordoba.es\/?page_id=2772"},"modified":"2020-02-11T13:13:51","modified_gmt":"2020-02-11T13:13:51","slug":"festival-2011","status":"publish","type":"page","link":"https:\/\/teatrocordoba.es\/festival-guitarra-cordoba\/festival-2011\/","title":{"rendered":"Festival 2011"},"content":{"rendered":"<p><div class=\"fusion-fullwidth fullwidth-box fusion-builder-row-1 hundred-percent-fullwidth non-hundred-percent-height-scrolling\" style=\"background-color: #3c3c3c;background-position: center center;background-repeat: no-repeat;padding-top:0px;padding-right:0px;padding-bottom:0px;padding-left:0px;margin-bottom: 0px;margin-top: 0px;border-width: 0px 0px 0px 0px;border-color:#e7e4e2;border-style:solid;\" ><div class=\"fusion-builder-row fusion-row\"><div class=\"fusion-layout-column fusion_builder_column fusion-builder-column-0 fusion_builder_column_1_1 1_1 fusion-one-full fusion-column-first fusion-column-last\" style=\"margin-top:10px;margin-bottom:10px;\"><div class=\"fusion-column-wrapper fusion-flex-column-wrapper-legacy\" style=\"background-position:left top;background-repeat:no-repeat;-webkit-background-size:cover;-moz-background-size:cover;-o-background-size:cover;background-size:cover;background-color:#3c3c3c;padding: 0px 0px 0px 0px;\"><style type=\"text\/css\"><\/style><div class=\"fusion-title title fusion-title-1 fusion-sep-none fusion-title-center fusion-title-text fusion-title-size-one\" style=\"margin-top:0px;margin-bottom:0px;\"><h1 class=\"title-heading-center\" style=\"margin:0;\"><span style=\"color: #ffffff; padding: 3%;\">31 EDICI\u00d3N &#8211; 2011<\/span><\/h1><\/div><div class=\"fusion-clearfix\"><\/div><\/div><\/div><\/div><\/div><div class=\"fusion-fullwidth fullwidth-box fusion-builder-row-2 nonhundred-percent-fullwidth non-hundred-percent-height-scrolling\" style=\"background-color: rgba(255,255,255,0);background-position: center center;background-repeat: no-repeat;padding-top:0px;padding-right:0px;padding-bottom:0px;padding-left:0px;margin-bottom: 0px;margin-top: 2%;border-width: 0px 0px 0px 0px;border-color:#e7e4e2;border-style:solid;\" ><div class=\"fusion-builder-row fusion-row\"><div class=\"fusion-layout-column fusion_builder_column fusion-builder-column-1 fusion_builder_column_1_2 1_2 fusion-one-half fusion-column-first\" style=\"width:50%;width:calc(50% - ( ( 4% ) * 0.5 ) );margin-right: 4%;margin-top:10px;margin-bottom:10px;\"><div class=\"fusion-column-wrapper fusion-flex-column-wrapper-legacy\" style=\"background-position:left top;background-repeat:no-repeat;-webkit-background-size:cover;-moz-background-size:cover;-o-background-size:cover;background-size:cover;padding: 0px 0px 0px 0px;\"><div class=\"imageframe-align-center\"><span class=\" fusion-imageframe imageframe-none imageframe-1 hover-type-none\"><img width=\"397\" height=\"567\" title=\"cartel\" src=\"https:\/\/guitarracordoba.es\/wp-content\/uploads\/2018\/04\/cartel.jpg\" class=\"img-responsive wp-image-2829\" srcset=\"https:\/\/teatrocordoba.es\/festival-guitarra-cordoba\/wp-content\/uploads\/2018\/04\/cartel-200x286.jpg 200w, https:\/\/teatrocordoba.es\/festival-guitarra-cordoba\/wp-content\/uploads\/2018\/04\/cartel.jpg 397w\" sizes=\"(max-width: 1000px) 100vw, 397px\" \/><\/span><\/div><div class=\"fusion-sep-clear\"><\/div><div class=\"fusion-separator fusion-full-width-sep\" style=\"margin-left: auto;margin-right: auto;margin-top:3%;width:100%;\"><\/div><div class=\"fusion-sep-clear\"><\/div><style type=\"text\/css\"><\/style><div class=\"fusion-title title fusion-title-2 fusion-sep-none fusion-title-text fusion-title-size-two\" style=\"margin-top:0px;margin-bottom:30px;\"><h2 class=\"title-heading-left\" style=\"margin:0;\"><span style=\"color: #3c3c3c;\">GALER\u00cdA DE CONCIERTOS<\/span><\/h2><\/div><div class=\"fusion-slider-sc fusion-flexslider-loading flexslider flexslider-hover-type-none\" data-slideshow_autoplay=\"1\" data-slideshow_smooth_height=\"0\" data-slideshow_speed=\"7000\" style=\"max-width:100%;height:100%;\"><ul class=\"slides\"><li class=\"image\"><span class=\"fusion-image-hover-element hover-type-none\"><img src=\"https:\/\/guitarracordoba.es\/wp-content\/uploads\/2018\/04\/1412850313-13.jpg\" \/><\/span><\/li><li class=\"image\"><span class=\"fusion-image-hover-element hover-type-none\"><img src=\"https:\/\/guitarracordoba.es\/wp-content\/uploads\/2018\/04\/1412850313-14.jpg\" \/><\/span><\/li><li class=\"image\"><span class=\"fusion-image-hover-element hover-type-none\"><img src=\"https:\/\/guitarracordoba.es\/wp-content\/uploads\/2018\/04\/1412850313-16.jpg\" \/><\/span><\/li><li class=\"image\"><span class=\"fusion-image-hover-element hover-type-none\"><img src=\"https:\/\/guitarracordoba.es\/wp-content\/uploads\/2018\/04\/1412850313-17.jpg\" \/><\/span><\/li><li class=\"image\"><span class=\"fusion-image-hover-element hover-type-none\"><img src=\"https:\/\/guitarracordoba.es\/wp-content\/uploads\/2018\/04\/1412850313-19.jpg\" \/><\/span><\/li><li class=\"image\"><span class=\"fusion-image-hover-element hover-type-none\"><img src=\"https:\/\/guitarracordoba.es\/wp-content\/uploads\/2018\/04\/1412850313-20.jpg\" \/><\/span><\/li><li class=\"image\"><span class=\"fusion-image-hover-element hover-type-none\"><img src=\"https:\/\/guitarracordoba.es\/wp-content\/uploads\/2018\/04\/1412850313-22.jpg\" \/><\/span><\/li><li class=\"image\"><span class=\"fusion-image-hover-element hover-type-none\"><img src=\"https:\/\/guitarracordoba.es\/wp-content\/uploads\/2018\/04\/1412850313.jpg\" \/><\/span><\/li><li class=\"image\"><span class=\"fusion-image-hover-element hover-type-none\"><img src=\"https:\/\/guitarracordoba.es\/wp-content\/uploads\/2018\/04\/1412850313-1.jpg\" \/><\/span><\/li><li class=\"image\"><span class=\"fusion-image-hover-element hover-type-none\"><img src=\"https:\/\/guitarracordoba.es\/wp-content\/uploads\/2018\/04\/1412850313-2.jpg\" \/><\/span><\/li><li class=\"image\"><span class=\"fusion-image-hover-element hover-type-none\"><img src=\"https:\/\/guitarracordoba.es\/wp-content\/uploads\/2018\/04\/1412850313-3.jpg\" \/><\/span><\/li><li class=\"image\"><span class=\"fusion-image-hover-element hover-type-none\"><img src=\"https:\/\/guitarracordoba.es\/wp-content\/uploads\/2018\/04\/1412850313-4.jpg\" \/><\/span><\/li><li class=\"image\"><span class=\"fusion-image-hover-element hover-type-none\"><img src=\"https:\/\/guitarracordoba.es\/wp-content\/uploads\/2018\/04\/1412850313-5.jpg\" \/><\/span><\/li><li class=\"image\"><span class=\"fusion-image-hover-element hover-type-none\"><img src=\"https:\/\/guitarracordoba.es\/wp-content\/uploads\/2018\/04\/1412850313-6.jpg\" \/><\/span><\/li><li class=\"image\"><span class=\"fusion-image-hover-element hover-type-none\"><img src=\"https:\/\/guitarracordoba.es\/wp-content\/uploads\/2018\/04\/1412850313-7.jpg\" \/><\/span><\/li><li class=\"image\"><span class=\"fusion-image-hover-element hover-type-none\"><img src=\"https:\/\/guitarracordoba.es\/wp-content\/uploads\/2018\/04\/1412850313-8.jpg\" \/><\/span><\/li><li class=\"image\"><span class=\"fusion-image-hover-element hover-type-none\"><img src=\"https:\/\/guitarracordoba.es\/wp-content\/uploads\/2018\/04\/1412850313-9.jpg\" \/><\/span><\/li><li class=\"image\"><span class=\"fusion-image-hover-element hover-type-none\"><img src=\"https:\/\/guitarracordoba.es\/wp-content\/uploads\/2018\/04\/1412850313-10.jpg\" \/><\/span><\/li><li class=\"image\"><span class=\"fusion-image-hover-element hover-type-none\"><img src=\"https:\/\/guitarracordoba.es\/wp-content\/uploads\/2018\/04\/1412850313-11.jpg\" \/><\/span><\/li><li class=\"image\"><span class=\"fusion-image-hover-element hover-type-none\"><img src=\"https:\/\/guitarracordoba.es\/wp-content\/uploads\/2018\/04\/1412850313-12.jpg\" \/><\/span><\/li><\/ul><\/div><div class=\"fusion-sep-clear\"><\/div><div class=\"fusion-separator fusion-full-width-sep\" style=\"margin-left: auto;margin-right: auto;margin-top:3%;width:100%;\"><\/div><div class=\"fusion-sep-clear\"><\/div><div class=\"fusion-align-block\"><style type=\"text\/css\">.fusion-button.button-1 {border-radius:0px;}<\/style><a class=\"fusion-button button-flat fusion-button-default-size button-default button-1 fusion-button-default-span fusion-button-default-type\" target=\"_blank\" rel=\"noopener noreferrer\" href=\"https:\/\/www.youtube.com\/playlist?list=PLKYk5lMB2g4pCiUXfio6sNqmad-OrgeEK&amp;feature=mh_lolz\"><span class=\"fusion-button-text\">V\u00eddeos 2011<\/span><\/a><\/div><div class=\"fusion-clearfix\"><\/div><\/div><\/div><div class=\"fusion-layout-column fusion_builder_column fusion-builder-column-2 fusion_builder_column_1_2 1_2 fusion-one-half fusion-column-last\" style=\"width:50%;width:calc(50% - ( ( 4% ) * 0.5 ) );margin-top:10px;margin-bottom:10px;\"><div class=\"fusion-column-wrapper fusion-flex-column-wrapper-legacy\" style=\"background-position:left top;background-repeat:no-repeat;-webkit-background-size:cover;-moz-background-size:cover;-o-background-size:cover;background-size:cover;padding: 0px 0px 0px 0px;\"><div class=\"fusion-text fusion-text-1\" style=\"transform:translate3d(0,0,0);\"><p style=\"text-align: justify;\">El 31\u00a0Festival de la Guitarra de C\u00f3rdoba arranc\u00f3 el 5 de Julio de 2011\u00a0de la mano de\u00a0<strong>Vicente Amigo<\/strong>\u00a0que homenaje\u00f3 al fallecido poeta gaditano Rafael Alberti en un concierto junto a la Orquesta de C\u00f3rdoba. Las notas de la guitarra flamenca de Vicente Amigo inauguraron esta edici\u00f3n que se prolong\u00f3 hasta el 16 de julio cuando\u00a0<strong>ZZ Top<\/strong>, una de las leyendas del rock que se mantiene activa desde su fundaci\u00f3n hace m\u00e1s de 40 a\u00f1os, clausur\u00f3 un certamen en el que los conciertos se mezclaron con un interesante programa formativo a cargo de guitarristas como Manolo Sanl\u00facar, Lee Ritenour o John Mclaughlin, entre otros.<\/p>\n<p style=\"text-align: justify;\">Adem\u00e1s, estos dos \u00faltimos genios del jazz fusi\u00f3n tambi\u00e9n actuaron en el Festival y as\u00ed, John McLaughlin, reconocido como uno de los 100 mejores guitarristas de la historia\u00a0por la revista Rolling Stone, ofreci\u00f3 un concierto el 14 de julio, mientras que el californiano Lee Ritenour, que cuenta con 17 nominaciones a\u00a0los Grammy, actu\u00f3 el d\u00eda 8. Adem\u00e1s, pudimos disfrutar\u00a0de la Clayton-Hamilton Jazz Orchestra, una \u201cbig band\u201d que, junto al guitarrista y vocalista americano John Pizzarelli, ofreci\u00f3 un tributo a Frank Sinatra el lunes 11. Andr\u00e9s Calamaro y Ariel Rot pusieron la nota rockera al festival, que tambi\u00e9n cont\u00f3 con los tenues acordes de la madrile\u00f1a Russian Red, que present\u00f3 en C\u00f3rdoba su nuevo disco el 9 de julio. Otro de los espect\u00e1culos m\u00e1s esperados es el que protagoniz\u00f3 ese mismo d\u00eda \u201cPlaying for Change\u201d, el proyecto musical surgido en 2005 en Estados Unidos y que est\u00e1 recorriendo el mundo con el objetivo de poner sobre el escenario a m\u00fasicos callejeros de muy diversas culturas. En su actuaci\u00f3n, compartieron escenario con la banda de rock mexicana Zoe, ganadores de premios como los Grammy o los MTV.<\/p>\n<p style=\"text-align: justify;\">El Festival de la Guitarra de C\u00f3rdoba tambi\u00e9n cont\u00f3 con espect\u00e1culos flamencos como la actuaci\u00f3n del guitarrista V\u00edctor Monge \u201cSerranito\u201d o la del bailaor cordob\u00e9s Joaqu\u00edn Cort\u00e9s, que volvi\u00f3 a las tablas de su ciudad para ofrecer el espect\u00e1culo \u201cCal\u00e9\u201d. Adem\u00e1s, esta edici\u00f3n cont\u00f3 con la actuaci\u00f3n de la malague\u00f1a Roc\u00edo Molina y la de la compa\u00f1\u00eda de Javier Bar\u00f3n, que puso en escena su espect\u00e1culo \u201cVaivenes\u201d. El 12 de julio Luis Pastor, acompa\u00f1ado por la Orquesta de C\u00f3rdoba, homenaje\u00f3 a Jos\u00e9 Saramago, mientras que el cubano Pablo Milan\u00e9s, uno de los cantautores m\u00e1s reconocidos del panorama internacional, ofreci\u00f3 un concierto el 8 de julio. Por otra parte, la guitarra cl\u00e1sica tuvo un papel destacado en el festival con las actuaciones de Moddair Abou Wafa, Manuel Barrueco, Javier Riba, David Russell y Roland Dyens.<\/p>\n<p style=\"text-align: justify;\">La 31 edici\u00f3n cont\u00f3 con interesantes incorporaciones como la del laudista serbio Edin Karamazov, el japon\u00e9s Kazuhito Yamashita, el italiano Cristiano Porqueddu, o la eslovena Sanja Plohl. Sobre el programa formativo, destacaron los talleres de Manolo Sanl\u00facar junto a guitarristas de la talla de Jos\u00e9 Antonio Rodr\u00edguez, Paco Serrano y Manolo Franco, as\u00ed como las clases magistrales del bosnio Edin Karamazov y de los guitarristas de jazz Lee Ritenour y John Mclaughlin. Adem\u00e1s, se organizaron cuatro cursos de baile flamenco a cargo de Inmaculada Aguilar, Javier Latorre, Antonio \u201cEl Pipa\u201d y Roc\u00edo Molina.<\/p>\n<\/div><div class=\"fusion-clearfix\"><\/div><\/div><\/div><\/div><\/div><div class=\"fusion-fullwidth fullwidth-box fusion-builder-row-3 nonhundred-percent-fullwidth non-hundred-percent-height-scrolling\" style=\"background-color: rgba(255,255,255,0);background-position: center center;background-repeat: no-repeat;padding-top:0px;padding-right:0px;padding-bottom:0px;padding-left:0px;margin-bottom: 0px;margin-top: 0px;border-width: 0px 0px 0px 0px;border-color:#e7e4e2;border-style:solid;\" ><div class=\"fusion-builder-row fusion-row\"><\/div><\/div><\/p>\n","protected":false},"excerpt":{"rendered":"","protected":false},"author":4,"featured_media":0,"parent":0,"menu_order":0,"comment_status":"closed","ping_status":"closed","template":"100-width.php","meta":[],"acf":[],"_links":{"self":[{"href":"https:\/\/teatrocordoba.es\/festival-guitarra-cordoba\/wp-json\/wp\/v2\/pages\/2772"}],"collection":[{"href":"https:\/\/teatrocordoba.es\/festival-guitarra-cordoba\/wp-json\/wp\/v2\/pages"}],"about":[{"href":"https:\/\/teatrocordoba.es\/festival-guitarra-cordoba\/wp-json\/wp\/v2\/types\/page"}],"author":[{"embeddable":true,"href":"https:\/\/teatrocordoba.es\/festival-guitarra-cordoba\/wp-json\/wp\/v2\/users\/4"}],"replies":[{"embeddable":true,"href":"https:\/\/teatrocordoba.es\/festival-guitarra-cordoba\/wp-json\/wp\/v2\/comments?post=2772"}],"version-history":[{"count":12,"href":"https:\/\/teatrocordoba.es\/festival-guitarra-cordoba\/wp-json\/wp\/v2\/pages\/2772\/revisions"}],"predecessor-version":[{"id":4281,"href":"https:\/\/teatrocordoba.es\/festival-guitarra-cordoba\/wp-json\/wp\/v2\/pages\/2772\/revisions\/4281"}],"wp:attachment":[{"href":"https:\/\/teatrocordoba.es\/festival-guitarra-cordoba\/wp-json\/wp\/v2\/media?parent=2772"}],"curies":[{"name":"wp","href":"https:\/\/api.w.org\/{rel}","templated":true}]}}