{"id":4680,"date":"2021-04-19T07:57:36","date_gmt":"2021-04-19T07:57:36","guid":{"rendered":"https:\/\/teatrocordoba.es\/festival-guitarra-cordoba\/?page_id=4680"},"modified":"2021-07-21T07:58:47","modified_gmt":"2021-07-21T07:58:47","slug":"actividades-complementarias-2021","status":"publish","type":"page","link":"https:\/\/teatrocordoba.es\/festival-guitarra-cordoba\/actividades-complementarias-2021\/","title":{"rendered":"Actividades complementarias"},"content":{"rendered":"<p><div class=\"fusion-fullwidth fullwidth-box fusion-builder-row-1 nonhundred-percent-fullwidth non-hundred-percent-height-scrolling\" style=\"background-color: #2b2b41;background-position: center center;background-repeat: no-repeat;padding-top:0px;padding-right:0px;padding-bottom:0px;padding-left:0px;margin-bottom: 0px;margin-top: 0px;border-width: 0px 0px 0px 0px;border-color:#e7e4e2;border-style:solid;\" ><div class=\"fusion-builder-row fusion-row\"><div class=\"fusion-layout-column fusion_builder_column fusion-builder-column-0 fusion_builder_column_1_1 1_1 fusion-one-full fusion-column-first fusion-column-last\" style=\"margin-top:10px;margin-bottom:10px;\"><div class=\"fusion-column-wrapper fusion-flex-column-wrapper-legacy\" style=\"background-position:left top;background-repeat:no-repeat;-webkit-background-size:cover;-moz-background-size:cover;-o-background-size:cover;background-size:cover;background-color:#2b2b41;padding: 0px 0px 0px 0px;\"><style type=\"text\/css\"><\/style><div class=\"fusion-title title fusion-title-1 fusion-sep-none fusion-title-text fusion-title-size-three\" style=\"margin-top:0px;margin-bottom:0px;\"><h3 class=\"title-heading-left\" style=\"margin:0;\"><span style=\"color: #ec85a9; padding-left: 1%;\">Actividades complementarias 40 FGC<\/span><\/h3><\/div><div class=\"fusion-clearfix\"><\/div><\/div><\/div><\/div><\/div><div class=\"fusion-fullwidth fullwidth-box fusion-builder-row-2 nonhundred-percent-fullwidth non-hundred-percent-height-scrolling fusion-equal-height-columns\" style=\"background-color: rgba(255,255,255,0);background-position: center center;background-repeat: no-repeat;padding-top:0px;padding-right:0px;padding-bottom:0px;padding-left:0px;margin-bottom: 0px;margin-top: 2%;border-width: 0px 0px 0px 0px;border-color:#e7e4e2;border-style:solid;\" ><div class=\"fusion-builder-row fusion-row\"><div class=\"fusion-layout-column fusion_builder_column fusion-builder-column-1 fusion_builder_column_1_1 1_1 fusion-one-full fusion-column-first fusion-column-last\" style=\"margin-top:10px;margin-bottom:10px;\"><div class=\"fusion-column-wrapper fusion-flex-column-wrapper-legacy\" style=\"background-position:left top;background-repeat:no-repeat;-webkit-background-size:cover;-moz-background-size:cover;-o-background-size:cover;background-size:cover;padding: 0px 0px 0px 0px;\"><style type=\"text\/css\"><\/style><div class=\"fusion-title title fusion-title-2 fusion-sep-none fusion-title-text fusion-title-size-three\" style=\"margin-top:0px;margin-bottom:30px;\"><h3 class=\"title-heading-left\" style=\"margin:0;\"><strong><span style=\"color: #2b2b41;\">La guitarra cuenta<\/span><\/strong><\/h3><\/div><div class=\"fusion-text fusion-text-1\" style=\"transform:translate3d(0,0,0);\"><p>Ocho guitarristas participantes en el Festival tienen una cita con el p\u00fablico, antes de su concierto. En este encuentro, la guitarra \u00abcuenta\u00bb como protagonista, los guitarristas contar\u00e1n aspectos interesantes de su trayectoria art\u00edstica y desgranar\u00e1n detalles sobre su propuesta concert\u00edstica. Al finalizar, los asistentes podr\u00e1n realizar preguntas a los artistas invitados.<\/p>\n<p>Esta actividad divulgativa se realizar\u00e1 para un n\u00famero reducido de asistentes.<\/p>\n<p>Lugares de celebraci\u00f3n<strong>: <\/strong>Teatro G\u00f3ngora y Gran Teatro<\/p>\n<p>Hora: 12&#8217;30 h.<\/p>\n<p>Programa:<\/p>\n<ul>\n<li>jueves, 8: <strong>Pablo Salinas<\/strong>. Director musical de Sinfonity, Electric Guitar Orchestra (Teatro G\u00f3ngora).\u00a0 \u00a0 \u00a0 \u00a0<div class=\"fusion-align-block\"><style type=\"text\/css\">.fusion-button.button-1 {border-radius:0px;}.fusion-button.button-1 .fusion-button-text {text-transform:uppercase;}<\/style><a class=\"fusion-button button-flat fusion-button-default-size button-default button-1 fusion-button-default-span fusion-button-default-type botonchico\" target=\"_blank\" rel=\"noopener noreferrer\" href=\"https:\/\/youtu.be\/wKIA1yEgCDY\" style=\"margin-top:12px;\"><span class=\"fusion-button-text\">Ver v\u00eddeo completo<\/span><\/a><\/div><\/li>\n<\/ul>\n<ul>\n<li>viernes, 9: <strong>David Russell <\/strong>(Teatro G\u00f3ngora). <div class=\"fusion-align-block\"><style type=\"text\/css\">.fusion-button.button-2 {border-radius:0px;}.fusion-button.button-2 .fusion-button-text {text-transform:uppercase;}<\/style><a class=\"fusion-button button-flat fusion-button-default-size button-default button-2 fusion-button-default-span fusion-button-default-type botonchico\" target=\"_blank\" rel=\"noopener noreferrer\" href=\"https:\/\/youtu.be\/hHaP9BsHC7I\" style=\"margin-top:12px;\"><span class=\"fusion-button-text\">Ver v\u00eddeo completo<\/span><\/a><\/div><\/li>\n<\/ul>\n<ul>\n<li>domingo, 11: <strong>Hames Bitar<\/strong>. Laudista del grupo Darawish, con el patrocinio de Casa \u00c1rabe (Teatro G\u00f3ngora). <div class=\"fusion-align-block\"><style type=\"text\/css\">.fusion-button.button-3 {border-radius:0px;}.fusion-button.button-3 .fusion-button-text {text-transform:uppercase;}<\/style><a class=\"fusion-button button-flat fusion-button-default-size button-default button-3 fusion-button-default-span fusion-button-default-type botonchico\" target=\"_blank\" rel=\"noopener noreferrer\" href=\"https:\/\/youtu.be\/iirbUnfzbkU\" style=\"margin-top:12px;\"><span class=\"fusion-button-text\">Ver v\u00eddeo completo<\/span><\/a><\/div><\/li>\n<\/ul>\n<ul>\n<li>lunes, 12: <strong>Jos\u00e9 Antonio Rodr\u00edguez<\/strong> (Teatro G\u00f3ngora). <div class=\"fusion-align-block\"><style type=\"text\/css\">.fusion-button.button-4 {border-radius:0px;}.fusion-button.button-4 .fusion-button-text {text-transform:uppercase;}<\/style><a class=\"fusion-button button-flat fusion-button-default-size button-default button-4 fusion-button-default-span fusion-button-default-type botonchico\" target=\"_blank\" rel=\"noopener noreferrer\" href=\"https:\/\/www.youtube.com\/watch?v=hPf6JgwWNwo\" style=\"margin-top:12px;\"><span class=\"fusion-button-text\">Ver v\u00eddeo completo<\/span><\/a><\/div><\/li>\n<\/ul>\n<ul>\n<li>martes, 13:<strong>Bir\u00e8li Lagr\u00e8ne<\/strong> (Gran Teatro).\u00a0<\/li>\n<\/ul>\n<ul>\n<li>mi\u00e9rcoles, 14: <strong>Costas Cotsiolis <\/strong>(Teatro G\u00f3ngora). <div class=\"fusion-align-block\"><style type=\"text\/css\">.fusion-button.button-5 {border-radius:0px;}.fusion-button.button-5 .fusion-button-text {text-transform:uppercase;}<\/style><a class=\"fusion-button button-flat fusion-button-default-size button-default button-5 fusion-button-default-span fusion-button-default-type botonchico\" target=\"_blank\" rel=\"noopener noreferrer\" href=\"https:\/\/www.youtube.com\/watch?v=tpFDmAlBH9I\" style=\"margin-top:12px;\"><span class=\"fusion-button-text\">Ver v\u00eddeo completo<\/span><\/a><\/div><\/li>\n<\/ul>\n<ul>\n<li>jueves, 15: <strong>Yamand\u00fa Costa <\/strong>(Teatro G\u00f3ngora). <div class=\"fusion-align-block\"><style type=\"text\/css\">.fusion-button.button-6 {border-radius:0px;}.fusion-button.button-6 .fusion-button-text {text-transform:uppercase;}<\/style><a class=\"fusion-button button-flat fusion-button-default-size button-default button-6 fusion-button-default-span fusion-button-default-type botonchico\" target=\"_blank\" rel=\"noopener noreferrer\" href=\"https:\/\/youtu.be\/9MgwPk2nDkU\" style=\"margin-top:12px;\"><span class=\"fusion-button-text\">Ver v\u00eddeo completo<\/span><\/a><\/div><\/li>\n<\/ul>\n<ul>\n<li>viernes, 16<strong>: <\/strong><strong>Paco Pe\u00f1a<\/strong> (Teatro G\u00f3ngora). <div class=\"fusion-align-block\"><style type=\"text\/css\">.fusion-button.button-7 {border-radius:0px;}.fusion-button.button-7 .fusion-button-text {text-transform:uppercase;}<\/style><a class=\"fusion-button button-flat fusion-button-default-size button-default button-7 fusion-button-default-span fusion-button-default-type botonchico\" target=\"_blank\" rel=\"noopener noreferrer\" href=\"https:\/\/youtu.be\/UH4nn9C2Anw\" style=\"margin-top:12px;\"><span class=\"fusion-button-text\">Ver v\u00eddeo completo<\/span><\/a><\/div><\/li>\n<\/ul>\n<\/div><style type=\"text\/css\"><\/style><div class=\"fusion-title title fusion-title-3 fusion-sep-none fusion-title-text fusion-title-size-three\" style=\"margin-top:0px;margin-bottom:5px;\"><h3 class=\"title-heading-left\" style=\"margin:0;\">Homenaje a Paco Pe\u00f1a<\/h3><\/div><div class=\"fusion-text fusion-text-2\" style=\"transform:translate3d(0,0,0);\"><p>Homenaje a Paco Pe\u00f1a por el 40 aniversario del Festival de la Guitarra de C\u00f3rdoba de Iluminaci\u00f3n art\u00edstica y espect\u00e1culo audiovisual en la fachada de UCOCULTURA.<\/p>\n<ul>\n<li><strong>Fecha:<\/strong> Lunes 5 de julio de 2021<\/li>\n<li><strong>Lugar: <\/strong>Plaza de la Corredera (sobre la fachada del edificio de UCOCULTURA).<\/li>\n<li><strong>Hora:<\/strong> 22&#8217;15 horas<\/li>\n<\/ul>\n<\/div><div class=\"fusion-clearfix\"><\/div><\/div><\/div><\/div><\/div><div class=\"fusion-fullwidth fullwidth-box fusion-builder-row-3 nonhundred-percent-fullwidth non-hundred-percent-height-scrolling fusion-equal-height-columns\" style=\"background-color: rgba(255,255,255,0);background-position: center center;background-repeat: no-repeat;padding-top:0px;padding-right:0px;padding-bottom:0px;padding-left:0px;margin-bottom: 0px;margin-top: 2%;border-width: 0px 0px 0px 0px;border-color:#e7e4e2;border-style:solid;\" ><div class=\"fusion-builder-row fusion-row\"><div class=\"fusion-layout-column fusion_builder_column fusion-builder-column-2 fusion_builder_column_1_1 1_1 fusion-one-full fusion-column-first fusion-column-last\" style=\"margin-top:10px;margin-bottom:10px;\"><div class=\"fusion-column-wrapper fusion-flex-column-wrapper-legacy\" style=\"background-position:left top;background-repeat:no-repeat;-webkit-background-size:cover;-moz-background-size:cover;-o-background-size:cover;background-size:cover;padding: 0px 0px 0px 0px;\"><style type=\"text\/css\"><\/style><div class=\"fusion-title title fusion-title-4 fusion-sep-none fusion-title-text fusion-title-size-three\" style=\"margin-top:0px;margin-bottom:30px;\"><h3 class=\"title-heading-left\" style=\"margin:0;\"><strong><span style=\"color: #2b2b41;\">Publicaciones<\/span><\/strong><\/h3><\/div><div class=\"fusion-text fusion-text-3\" style=\"transform:translate3d(0,0,0);\"><p class=\"Standard\" style=\"text-align: justify; text-justify: inter-ideograph; tab-stops: 56.6pt;\">Edici\u00f3n del Volumen XVIII de la colecci\u00f3n<b><i> La Guitarra en la Historia<\/i><\/b>. <b><i>Nombres Propios de la Guitarra<\/i> <\/b>dedicado a <b><i>V\u00edctor Monge Serranito<\/i><\/b>. Recoge las conferencias de Norberto Torres, Faustino N\u00fa\u00f1ez y Oscar Herrero.<\/p>\n<\/div><div class=\"fusion-clearfix\"><\/div><\/div><\/div><\/div><\/div><div class=\"fusion-fullwidth fullwidth-box fusion-builder-row-4 nonhundred-percent-fullwidth non-hundred-percent-height-scrolling fusion-equal-height-columns\" style=\"background-color: rgba(255,255,255,0);background-position: center center;background-repeat: no-repeat;padding-top:0px;padding-right:0px;padding-bottom:0px;padding-left:0px;margin-bottom: 0px;margin-top: 2%;border-width: 0px 0px 0px 0px;border-color:#e7e4e2;border-style:solid;\" ><div class=\"fusion-builder-row fusion-row\"><div class=\"fusion-layout-column fusion_builder_column fusion-builder-column-3 fusion_builder_column_1_1 1_1 fusion-one-full fusion-column-first fusion-column-last\" style=\"margin-top:10px;margin-bottom:10px;\"><div class=\"fusion-column-wrapper fusion-flex-column-wrapper-legacy\" style=\"background-position:left top;background-repeat:no-repeat;-webkit-background-size:cover;-moz-background-size:cover;-o-background-size:cover;background-size:cover;padding: 0px 0px 0px 0px;\"><style type=\"text\/css\"><\/style><div class=\"fusion-title title fusion-title-5 fusion-sep-none fusion-title-text fusion-title-size-three\" style=\"margin-top:0px;margin-bottom:30px;\"><h3 class=\"title-heading-left\" style=\"margin:0;\"><strong><span style=\"color: #2b2b41;\">Presentaciones<\/span><\/strong><\/h3><\/div><div class=\"fusion-text fusion-text-4\" style=\"transform:translate3d(0,0,0);\"><ul>\n<li>Presentaci\u00f3n del concierto \u00abUna noche por Paco\u00bb, a cargo de la Fundaci\u00f3n Paco de Luc\u00eda\n<ul>\n<li><strong>Fecha<\/strong>: 9 de julio<\/li>\n<li><strong>Lugar<\/strong>: Gran Teatro (Sala de Telares)<\/li>\n<li><strong>Hora<\/strong>: 11&#8217;00 h.<\/li>\n<\/ul>\n<\/li>\n<\/ul>\n<ul>\n<li>Presentaci\u00f3n del Volumen XVIII de Nombres propios de la Guitarra .\n<ul>\n<li><strong>Fecha<\/strong>: 13 de julio<\/li>\n<li><strong>Lugar<\/strong>: Gran Teatro (Sala Telares)<\/li>\n<li><strong>Hora<\/strong>: 11&#8217;00 h.<\/li>\n<li><strong>Presenta<\/strong>: Victor Monge Serranito y Norberto Torres, coordinador de la edici\u00f3n.<\/li>\n<\/ul>\n<\/li>\n<\/ul>\n<\/div><div class=\"fusion-clearfix\"><\/div><\/div><\/div><\/div><\/div><div class=\"fusion-fullwidth fullwidth-box fusion-builder-row-5 nonhundred-percent-fullwidth non-hundred-percent-height-scrolling fusion-equal-height-columns\" style=\"background-color: rgba(255,255,255,0);background-position: center center;background-repeat: no-repeat;padding-top:0px;padding-right:0px;padding-bottom:0px;padding-left:0px;margin-bottom: 0px;margin-top: 2%;border-width: 0px 0px 0px 0px;border-color:#e7e4e2;border-style:solid;\" ><div class=\"fusion-builder-row fusion-row\"><div class=\"fusion-layout-column fusion_builder_column fusion-builder-column-4 fusion_builder_column_1_1 1_1 fusion-one-full fusion-column-first fusion-column-last\" style=\"margin-top:10px;margin-bottom:10px;\"><div class=\"fusion-column-wrapper fusion-flex-column-wrapper-legacy\" style=\"background-position:left top;background-repeat:no-repeat;-webkit-background-size:cover;-moz-background-size:cover;-o-background-size:cover;background-size:cover;padding: 0px 0px 0px 0px;\"><style type=\"text\/css\"><\/style><div class=\"fusion-title title fusion-title-6 fusion-sep-none fusion-title-text fusion-title-size-three\" style=\"margin-top:0px;margin-bottom:30px;\"><h3 class=\"title-heading-left\" style=\"margin:0;\"><strong><span style=\"color: #2b2b41;\">La m\u00fasica proyectada<\/span><\/strong><\/h3><\/div><div class=\"imageframe-align-center\"><span class=\" fusion-imageframe imageframe-none imageframe-1 hover-type-none\"><img width=\"1280\" height=\"470\" title=\"banner-musica-proyectada\" src=\"https:\/\/teatrocordoba.es\/festival-guitarra-cordoba\/wp-content\/uploads\/2021\/06\/banner-musica-proyectada.jpg\" class=\"img-responsive wp-image-4929\" srcset=\"https:\/\/teatrocordoba.es\/festival-guitarra-cordoba\/wp-content\/uploads\/2021\/06\/banner-musica-proyectada-200x73.jpg 200w, https:\/\/teatrocordoba.es\/festival-guitarra-cordoba\/wp-content\/uploads\/2021\/06\/banner-musica-proyectada-400x147.jpg 400w, https:\/\/teatrocordoba.es\/festival-guitarra-cordoba\/wp-content\/uploads\/2021\/06\/banner-musica-proyectada-600x220.jpg 600w, https:\/\/teatrocordoba.es\/festival-guitarra-cordoba\/wp-content\/uploads\/2021\/06\/banner-musica-proyectada-800x294.jpg 800w, https:\/\/teatrocordoba.es\/festival-guitarra-cordoba\/wp-content\/uploads\/2021\/06\/banner-musica-proyectada-1200x441.jpg 1200w, https:\/\/teatrocordoba.es\/festival-guitarra-cordoba\/wp-content\/uploads\/2021\/06\/banner-musica-proyectada.jpg 1280w\" sizes=\"(max-width: 1000px) 100vw, 1280px\" \/><\/span><\/div><div class=\"fusion-builder-row fusion-builder-row-inner fusion-row\"><div class=\"fusion-layout-column fusion_builder_column_inner fusion-builder-nested-column-0 fusion_builder_column_inner_1_1 1_1 fusion-one-full fusion-column-first fusion-column-last\" style=\"margin-top:10px;margin-bottom:10px;\"><div class=\"fusion-column-wrapper fusion-flex-column-wrapper-legacy\" style=\"background-position:left top;background-repeat:no-repeat;-webkit-background-size:cover;-moz-background-size:cover;-o-background-size:cover;background-size:cover;padding: 0px 0px 0px 0px;\"><div class=\"fusion-text fusion-text-5\" style=\"transform:translate3d(0,0,0);\"><p>Programa de pel\u00edculas con la m\u00fasica como protagonista.<\/p>\n<p><strong>Fecha<\/strong>: 5, 6 y 7 de julio<strong><br \/>\n<\/strong><\/p>\n<p><strong>Lugar<\/strong>: Cine de Verano Fuenseca<\/p>\n<p><strong style=\"background-color: rgba(255, 255, 255, 0); color: var(--body_typography-color); font-family: var(--body_typography-font-family); font-size: var(--body_typography-font-size); font-style: var(--body_typography-font-style,normal); letter-spacing: var(--body_typography-letter-spacing);\">Hora<\/strong><span style=\"background-color: rgba(255, 255, 255, 0); color: var(--body_typography-color); font-family: var(--body_typography-font-family); font-size: var(--body_typography-font-size); font-style: var(--body_typography-font-style,normal); font-weight: var(--body_typography-font-weight); letter-spacing: var(--body_typography-letter-spacing);\">: 22&#8217;15 h<\/span><\/p>\n<\/div><div class=\"fusion-alignleft\"><style type=\"text\/css\">.fusion-button.button-8 {border-radius:0px;}<\/style><a class=\"fusion-button button-flat button-medium button-default button-8 fusion-button-span-no fusion-button-default-type\" target=\"_self\" href=\"\/festival-guitarra-cordoba\/la-musica-proyectada-2021\"><span class=\"fusion-button-text\">VER PROGRAMACI\u00d3N<\/span><\/a><\/div><div class=\"fusion-clearfix\"><\/div><\/div><\/div><\/div><div class=\"fusion-clearfix\"><\/div><\/div><\/div><\/div><\/div><\/p>\n","protected":false},"excerpt":{"rendered":"","protected":false},"author":4,"featured_media":0,"parent":0,"menu_order":0,"comment_status":"closed","ping_status":"closed","template":"","meta":[],"acf":[],"_links":{"self":[{"href":"https:\/\/teatrocordoba.es\/festival-guitarra-cordoba\/wp-json\/wp\/v2\/pages\/4680"}],"collection":[{"href":"https:\/\/teatrocordoba.es\/festival-guitarra-cordoba\/wp-json\/wp\/v2\/pages"}],"about":[{"href":"https:\/\/teatrocordoba.es\/festival-guitarra-cordoba\/wp-json\/wp\/v2\/types\/page"}],"author":[{"embeddable":true,"href":"https:\/\/teatrocordoba.es\/festival-guitarra-cordoba\/wp-json\/wp\/v2\/users\/4"}],"replies":[{"embeddable":true,"href":"https:\/\/teatrocordoba.es\/festival-guitarra-cordoba\/wp-json\/wp\/v2\/comments?post=4680"}],"version-history":[{"count":50,"href":"https:\/\/teatrocordoba.es\/festival-guitarra-cordoba\/wp-json\/wp\/v2\/pages\/4680\/revisions"}],"predecessor-version":[{"id":4988,"href":"https:\/\/teatrocordoba.es\/festival-guitarra-cordoba\/wp-json\/wp\/v2\/pages\/4680\/revisions\/4988"}],"wp:attachment":[{"href":"https:\/\/teatrocordoba.es\/festival-guitarra-cordoba\/wp-json\/wp\/v2\/media?parent=4680"}],"curies":[{"name":"wp","href":"https:\/\/api.w.org\/{rel}","templated":true}]}}