{"id":6245,"date":"2023-04-17T07:40:17","date_gmt":"2023-04-17T07:40:17","guid":{"rendered":"https:\/\/teatrocordoba.es\/festival-guitarra-cordoba\/?page_id=6245"},"modified":"2023-06-29T08:01:55","modified_gmt":"2023-06-29T08:01:55","slug":"actividades-complementarias-2023","status":"publish","type":"page","link":"https:\/\/teatrocordoba.es\/festival-guitarra-cordoba\/actividades-complementarias-2023\/","title":{"rendered":"Actividades complementarias 2023"},"content":{"rendered":"<p><div class=\"fusion-fullwidth fullwidth-box fusion-builder-row-1 fusion-flex-container nonhundred-percent-fullwidth non-hundred-percent-height-scrolling\" style=\"background-color: rgba(255,255,255,0);background-position: center center;background-repeat: no-repeat;border-width: 0px 0px 0px 0px;border-color:#e7e4e2;border-style:solid;\" ><div class=\"fusion-builder-row fusion-row fusion-flex-align-items-flex-start\" style=\"max-width:1331.2px;margin-left: calc(-4% \/ 2 );margin-right: calc(-4% \/ 2 );\"><div class=\"fusion-layout-column fusion_builder_column fusion-builder-column-0 fusion_builder_column_1_1 1_1 fusion-flex-column\"><div class=\"fusion-column-wrapper fusion-flex-justify-content-flex-start fusion-content-layout-column\" style=\"background-position:left top;background-repeat:no-repeat;-webkit-background-size:cover;-moz-background-size:cover;-o-background-size:cover;background-size:cover;padding: 0px 0px 0px 0px;\"><div class=\"fusion-text fusion-text-1\" style=\"transform:translate3d(0,0,0);\"><h3 class=\"\" style=\"--fontsize: 24; line-height: 1.4;\" data-fontsize=\"24\" data-lineheight=\"33.6px\"><strong><span class=\"TextRun SCXW194993968 BCX9\" lang=\"ES-ES\" xml:lang=\"ES-ES\" data-contrast=\"auto\"><span class=\"NormalTextRun ContextualSpellingAndGrammarErrorV2Themed GrammarErrorHighlight SCXW194993968 BCX9\" data-ccp-parastyle=\"Standard\">JORNADAS<\/span><span class=\"NormalTextRun SCXW194993968 BCX9\" data-ccp-parastyle=\"Standard\"> DE ESTUDIO SOBRE HISTORIA DE LA GUITARRA del 10 al 12 de julio de 2023<\/span><\/span><\/strong><\/h3>\n<h5 class=\"\" style=\"text-align: center; --fontsize: 14; line-height: 2; --minfontsize: 14;\" data-fontsize=\"14\" data-lineheight=\"28px\"><strong>Nombres PROPIOS DE LA GUITARRA XIX:<\/strong><\/h5>\n<h5 class=\"\" style=\"text-align: center; --fontsize: 14; line-height: 2; --minfontsize: 14;\" data-fontsize=\"14\" data-lineheight=\"28px\"><strong>Fernando Sor<\/strong><\/h5>\n<p>Desde el a\u00f1o 2002, el Festival de la Guitarra de C\u00f3rdoba viene dedicando sus Jornadas de Estudio a nombres propios de la guitarra. Desde entonces, se han celebrado las actividades programadas en torno a Francisco T\u00e1rrega (2002), Andr\u00e9s Segovia (2003), Paco de Luc\u00eda (2004), Leo Brouwer (2005) Manolo Sanl\u00facar (2006), Antonio de Torres (2007), Julian Bream (2008), Joaqu\u00edn Rodrigo (2009), John McLaughlin (2010), Angelo Gilardino (2011), Sabicas (2012),Narciso Yepes (2013), Pat Metheny (2014), Miguel Llobet (2015), Regino y Eduardo Sainz de la Maza (2016), Jimi Hendrix (2017), Jos\u00e9 Tom\u00e1s (2018) y V\u00edctor Fern\u00e1ndez \u201cSerranito\u201d (2019).<\/p>\n<p>Tras tres a\u00f1os de ausencia, se vuelven a celebrar las <b>Jornadas de Estudio sobre Historia de la Guitarra.<\/b> Un proyecto genuino del Festival con 18 a\u00f1os de trayectoria y el mismo n\u00famero de publicaciones, muy demandadas por music\u00f3logos y amantes de este instrumento. Las Jornadas estar\u00e1n dedicadas a<b> Fernando Sor.<\/b><\/p>\n<p>Coordina: <b>Miguel \u00c1ngel Garc\u00eda Gonz\u00e1lez<\/b><\/p>\n<p>Traductor: <strong>Dami\u00e1n Mart\u00edn<\/strong><\/p>\n<p><b>Fechas:<\/b> del 10 al 12 de julio de 2023<\/p>\n<ul>\n<li>10 de julio: Julio Gimeno<\/li>\n<li>11 de julio: Josep Mar\u00eda Mangado<\/li>\n<li>12 de julio: Erik Stenstadvold (traducci\u00f3n simult\u00e1nea de Dami\u00e1n Mart\u00edn)<\/li>\n<\/ul>\n<p><b>Hora:<\/b> 19&#8217;00 h<\/p>\n<p><b>Lugar:<\/b> Sal\u00f3n de Actos \u2013Casa \u00c1rabe<\/p>\n<p><b>Entrada libre hasta completar aforo.<\/b><\/p>\n<\/div><div class=\"fusion-text fusion-text-2\" style=\"transform:translate3d(0,0,0);\"><\/div><\/div><\/div><style type=\"text\/css\">.fusion-body .fusion-builder-column-0{width:100% !important;margin-top : 10px;margin-bottom : 10px;}.fusion-builder-column-0 > .fusion-column-wrapper {padding-top : 0px !important;padding-right : 0px !important;margin-right : 1.92%;padding-bottom : 0px !important;padding-left : 0px !important;margin-left : 1.92%;}@media only screen and (max-width:1024px) {.fusion-body .fusion-builder-column-0{width:100% !important;order : 0;}.fusion-builder-column-0 > .fusion-column-wrapper {margin-right : 1.92%;margin-left : 1.92%;}}@media only screen and (max-width:640px) {.fusion-body .fusion-builder-column-0{width:100% !important;order : 0;}.fusion-builder-column-0 > .fusion-column-wrapper {margin-right : 1.92%;margin-left : 1.92%;}}<\/style><\/div><style type=\"text\/css\">.fusion-body .fusion-flex-container.fusion-builder-row-1{ padding-top : 0px;margin-top : 0px;padding-right : 0px;padding-bottom : 0px;margin-bottom : 0px;padding-left : 0px;}<\/style><\/div><div class=\"fusion-fullwidth fullwidth-box fusion-builder-row-2 nonhundred-percent-fullwidth non-hundred-percent-height-scrolling\" style=\"background-color: rgba(255,255,255,0);background-position: center center;background-repeat: no-repeat;padding-top:0px;padding-right:0px;padding-bottom:0px;padding-left:0px;margin-bottom: 0px;margin-top: 2%;border-width: 0px 0px 0px 0px;border-color:#e7e4e2;border-style:solid;\" ><div class=\"fusion-builder-row fusion-row\"><div class=\"fusion-layout-column fusion_builder_column fusion-builder-column-1 fusion_builder_column_1_1 1_1 fusion-one-full fusion-column-first fusion-column-last\" style=\"margin-top:10px;margin-bottom:10px;\"><div class=\"fusion-column-wrapper fusion-flex-column-wrapper-legacy\" style=\"background-position:left top;background-repeat:no-repeat;-webkit-background-size:cover;-moz-background-size:cover;-o-background-size:cover;background-size:cover;padding: 0px 0px 0px 0px;\"><div class=\"fusion-text fusion-text-3\" style=\"transform:translate3d(0,0,0);\"><h3 class=\"fusion-responsive-typography-calculated\" style=\"--fontsize: 24; line-height: 1.4;\" data-fontsize=\"24\" data-lineheight=\"33.6px\"><span class=\"TextRun SCXW234765150 BCX9\" lang=\"ES-ES\" xml:lang=\"ES-ES\" data-contrast=\"auto\"><span class=\"NormalTextRun SCXW234765150 BCX9\" data-ccp-parastyle=\"Standard\" data-ccp-parastyle-defn=\"{'ObjectId':'7c08b916-6db4-4016-8c6b-b8640c9ea51d|151','ClassId':1073872969,'Properties':&#091;469775450,'Standard',201340122,'2',134233614,'true',469778129,'Standard',335572020,'1',469777841,'Arial',469777842,'Times New Roman',469777843,'Times New Roman',469777844,'Arial',469769226,'Arial,Times New Roman',268442635,'22',335559705,'2052',469778325,'&#091;'heading 1','heading 2','heading 3','heading 4','heading 5','heading 6','heading 7','heading 8','heading 9','Heading','Text body','caption','Index','Title','Encabezado1','Encabezado7','Encabezado6','Encabezado5','Encabezado4','Encabezado3','Encabezado2','Header and Footer','header','Normal (Web)','Texto sin formato1','Texto independiente 21','Texto independiente 31','Texto de bloque1','Text body indent','footer','Fecha1','Sangr\u00eda 2 de t. independiente1','Sangr\u00eda 3 de t. independiente1','Mapa del documento1','Table Contents','Footnote','Texto independiente 22','Sangr\u00eda 2 de t. independiente2','Default','List Paragraph','Encabezado8','List Contents'&#093;'&#093;}\">\u201cUNA APROXIMACI\u00d3N VISUAL A LA GUITARRA\u201d<\/span><\/span><\/h3>\n<p>Se recupera el proyecto fotogr\u00e1fico que vio la luz en 1992 bajo el t\u00edtulo <b>\u201cUna Aproximaci\u00f3n visual a la Guitarra\u201d<\/b> considerado por la cr\u00edtica especializada como uno de los m\u00e1s interesantes producidos en nuestro pa\u00eds en las \u00faltimas d\u00e9cadas, dado que la colecci\u00f3n fotogr\u00e1fica creada en torno al instrumento de la guitarra, era y es la \u00fanica existente en el mundo. Esta nueva edici\u00f3n ser\u00e1 la s\u00e9ptima, invitando a cuatro autores a los que se les propone trabajar sobre el instrumento y el mundo de la guitarra, desde su concepci\u00f3n y estilo art\u00edstico personal. Los fot\u00f3grafos invitados son, <b> Jos\u00e9 M\u00aa Mellado<\/b>, <b>Pilar Garc\u00eda Merino<\/b>, <b>Jos\u00e9 Lara Cordob\u00e9s<\/b> y <b>Marisa Vadillo.<\/b><\/p>\n<p><b>Fechas:<\/b> 29 de junio al 18 de julio de 2023.<\/p>\n<p><b>Lugar:<\/b> Plaza de las Tendillas<\/p>\n<\/div><div class=\"fusion-alignleft\"><style type=\"text\/css\">.fusion-button.button-1 {border-radius:0px;}<\/style><a class=\"fusion-button button-flat button-medium button-default button-1 fusion-button-span-no fusion-button-default-type\" target=\"_blank\" rel=\"noopener noreferrer\" href=\"https:\/\/teatrocordoba.es\/festival-guitarra-cordoba\/actividades-complementarias-2023\/una-aproximacion-visual-a-la-guitarra\/\"><span class=\"fusion-button-text\">Visitar p\u00e1gina<\/span><\/a><\/div><div class=\"fusion-clearfix\"><\/div><\/div><\/div><\/div><\/div><\/p>\n","protected":false},"excerpt":{"rendered":"","protected":false},"author":6,"featured_media":0,"parent":0,"menu_order":0,"comment_status":"closed","ping_status":"closed","template":"","meta":[],"acf":[],"_links":{"self":[{"href":"https:\/\/teatrocordoba.es\/festival-guitarra-cordoba\/wp-json\/wp\/v2\/pages\/6245"}],"collection":[{"href":"https:\/\/teatrocordoba.es\/festival-guitarra-cordoba\/wp-json\/wp\/v2\/pages"}],"about":[{"href":"https:\/\/teatrocordoba.es\/festival-guitarra-cordoba\/wp-json\/wp\/v2\/types\/page"}],"author":[{"embeddable":true,"href":"https:\/\/teatrocordoba.es\/festival-guitarra-cordoba\/wp-json\/wp\/v2\/users\/6"}],"replies":[{"embeddable":true,"href":"https:\/\/teatrocordoba.es\/festival-guitarra-cordoba\/wp-json\/wp\/v2\/comments?post=6245"}],"version-history":[{"count":20,"href":"https:\/\/teatrocordoba.es\/festival-guitarra-cordoba\/wp-json\/wp\/v2\/pages\/6245\/revisions"}],"predecessor-version":[{"id":6905,"href":"https:\/\/teatrocordoba.es\/festival-guitarra-cordoba\/wp-json\/wp\/v2\/pages\/6245\/revisions\/6905"}],"wp:attachment":[{"href":"https:\/\/teatrocordoba.es\/festival-guitarra-cordoba\/wp-json\/wp\/v2\/media?parent=6245"}],"curies":[{"name":"wp","href":"https:\/\/api.w.org\/{rel}","templated":true}]}}

<p><div class="fusion-fullwidth fullwidth-box fusion-builder-row-1 fusion-flex-container nonhundred-percent-fullwidth non-hundred-percent-height-scrolling" style="background-color: rgba(255,255,255,0);background-position: center center;background-repeat: no-repeat;border-width: 0px 0px 0px 0px;border-color:#e7e4e2;border-style:solid;" ><div class="fusion-builder-row fusion-row fusion-flex-align-items-flex-start" style="max-width:1331.2px;margin-left: calc(-4% / 2 );margin-right: calc(-4% / 2 );"><div class="fusion-layout-column fusion_builder_column fusion-builder-column-0 fusion_builder_column_1_1 1_1 fusion-flex-column"><div class="fusion-column-wrapper fusion-flex-justify-content-flex-start fusion-content-layout-column" style="background-position:left top;background-repeat:no-repeat;-webkit-background-size:cover;-moz-background-size:cover;-o-background-size:cover;background-size:cover;padding: 0px 0px 0px 0px;"><div class="fusion-text fusion-text-1" style="transform:translate3d(0,0,0);"><h3 class="" style="--fontsize: 24; line-height: 1.4;" data-fontsize="24" data-lineheight="33.6px"><strong><span class="TextRun SCXW194993968 BCX9" lang="ES-ES" xml:lang="ES-ES" data-contrast="auto"><span class="NormalTextRun ContextualSpellingAndGrammarErrorV2Themed GrammarErrorHighlight SCXW194993968 BCX9" data-ccp-parastyle="Standard">JORNADAS</span><span class="NormalTextRun SCXW194993968 BCX9" data-ccp-parastyle="Standard"> DE ESTUDIO SOBRE HISTORIA DE LA GUITARRA del 10 al 12 de julio de 2023</span></span></strong></h3>
<h5 class="" style="text-align: center; --fontsize: 14; line-height: 2; --minfontsize: 14;" data-fontsize="14" data-lineheight="28px"><strong>Nombres PROPIOS DE LA GUITARRA XIX:</strong></h5>
<h5 class="" style="text-align: center; --fontsize: 14; line-height: 2; --minfontsize: 14;" data-fontsize="14" data-lineheight="28px"><strong>Fernando Sor</strong></h5>
<p>Desde el año 2002, el Festival de la Guitarra de Córdoba viene dedicando sus Jornadas de Estudio a nombres propios de la guitarra. Desde entonces, se han celebrado las actividades programadas en torno a Francisco Tárrega (2002), Andrés Segovia (2003), Paco de Lucía (2004), Leo Brouwer (2005) Manolo Sanlúcar (2006), Antonio de Torres (2007), Julian Bream (2008), Joaquín Rodrigo (2009), John McLaughlin (2010), Angelo Gilardino (2011), Sabicas (2012),Narciso Yepes (2013), Pat Metheny (2014), Miguel Llobet (2015), Regino y Eduardo Sainz de la Maza (2016), Jimi Hendrix (2017), José Tomás (2018) y Víctor Fernández “Serranito” (2019).</p>
<p>Tras tres años de ausencia, se vuelven a celebrar las <b>Jornadas de Estudio sobre Historia de la Guitarra.</b> Un proyecto genuino del Festival con 18 años de trayectoria y el mismo número de publicaciones, muy demandadas por musicólogos y amantes de este instrumento. Las Jornadas estarán dedicadas a<b> Fernando Sor.</b></p>
<p>Coordina: <b>Miguel Ángel García González</b></p>
<p>Traductor: <strong>Damián Martín</strong></p>
<p><b>Fechas:</b> del 10 al 12 de julio de 2023</p>
<ul>
<li>10 de julio: Julio Gimeno</li>
<li>11 de julio: Josep María Mangado</li>
<li>12 de julio: Erik Stenstadvold (traducción simultánea de Damián Martín)</li>
</ul>
<p><b>Hora:</b> 19&#8217;00 h</p>
<p><b>Lugar:</b> Salón de Actos –Casa Árabe</p>
<p><b>Entrada libre hasta completar aforo.</b></p>
</div><div class="fusion-text fusion-text-2" style="transform:translate3d(0,0,0);"></div></div></div><style type="text/css">.fusion-body .fusion-builder-column-0{width:100% !important;margin-top : 10px;margin-bottom : 10px;}.fusion-builder-column-0 > .fusion-column-wrapper {padding-top : 0px !important;padding-right : 0px !important;margin-right : 1.92%;padding-bottom : 0px !important;padding-left : 0px !important;margin-left : 1.92%;}@media only screen and (max-width:1024px) {.fusion-body .fusion-builder-column-0{width:100% !important;order : 0;}.fusion-builder-column-0 > .fusion-column-wrapper {margin-right : 1.92%;margin-left : 1.92%;}}@media only screen and (max-width:640px) {.fusion-body .fusion-builder-column-0{width:100% !important;order : 0;}.fusion-builder-column-0 > .fusion-column-wrapper {margin-right : 1.92%;margin-left : 1.92%;}}</style></div><style type="text/css">.fusion-body .fusion-flex-container.fusion-builder-row-1{ padding-top : 0px;margin-top : 0px;padding-right : 0px;padding-bottom : 0px;margin-bottom : 0px;padding-left : 0px;}</style></div><div class="fusion-fullwidth fullwidth-box fusion-builder-row-2 nonhundred-percent-fullwidth non-hundred-percent-height-scrolling" style="background-color: rgba(255,255,255,0);background-position: center center;background-repeat: no-repeat;padding-top:0px;padding-right:0px;padding-bottom:0px;padding-left:0px;margin-bottom: 0px;margin-top: 2%;border-width: 0px 0px 0px 0px;border-color:#e7e4e2;border-style:solid;" ><div class="fusion-builder-row fusion-row"><div class="fusion-layout-column fusion_builder_column fusion-builder-column-1 fusion_builder_column_1_1 1_1 fusion-one-full fusion-column-first fusion-column-last" style="margin-top:10px;margin-bottom:10px;"><div class="fusion-column-wrapper fusion-flex-column-wrapper-legacy" style="background-position:left top;background-repeat:no-repeat;-webkit-background-size:cover;-moz-background-size:cover;-o-background-size:cover;background-size:cover;padding: 0px 0px 0px 0px;"><div class="fusion-text fusion-text-3" style="transform:translate3d(0,0,0);"><h3 class="fusion-responsive-typography-calculated" style="--fontsize: 24; line-height: 1.4;" data-fontsize="24" data-lineheight="33.6px"><span class="TextRun SCXW234765150 BCX9" lang="ES-ES" xml:lang="ES-ES" data-contrast="auto"><span class="NormalTextRun SCXW234765150 BCX9" data-ccp-parastyle="Standard" data-ccp-parastyle-defn="{'ObjectId':'7c08b916-6db4-4016-8c6b-b8640c9ea51d|151','ClassId':1073872969,'Properties':&#091;469775450,'Standard',201340122,'2',134233614,'true',469778129,'Standard',335572020,'1',469777841,'Arial',469777842,'Times New Roman',469777843,'Times New Roman',469777844,'Arial',469769226,'Arial,Times New Roman',268442635,'22',335559705,'2052',469778325,'&#091;'heading 1','heading 2','heading 3','heading 4','heading 5','heading 6','heading 7','heading 8','heading 9','Heading','Text body','caption','Index','Title','Encabezado1','Encabezado7','Encabezado6','Encabezado5','Encabezado4','Encabezado3','Encabezado2','Header and Footer','header','Normal (Web)','Texto sin formato1','Texto independiente 21','Texto independiente 31','Texto de bloque1','Text body indent','footer','Fecha1','Sangría 2 de t. independiente1','Sangría 3 de t. independiente1','Mapa del documento1','Table Contents','Footnote','Texto independiente 22','Sangría 2 de t. independiente2','Default','List Paragraph','Encabezado8','List Contents'&#093;'&#093;}">“UNA APROXIMACIÓN VISUAL A LA GUITARRA”</span></span></h3>
<p>Se recupera el proyecto fotográfico que vio la luz en 1992 bajo el título <b>“Una Aproximación visual a la Guitarra”</b> considerado por la crítica especializada como uno de los más interesantes producidos en nuestro país en las últimas décadas, dado que la colección fotográfica creada en torno al instrumento de la guitarra, era y es la única existente en el mundo. Esta nueva edición será la séptima, invitando a cuatro autores a los que se les propone trabajar sobre el instrumento y el mundo de la guitarra, desde su concepción y estilo artístico personal. Los fotógrafos invitados son, <b> José Mª Mellado</b>, <b>Pilar García Merino</b>, <b>José Lara Cordobés</b> y <b>Marisa Vadillo.</b></p>
<p><b>Fechas:</b> 29 de junio al 18 de julio de 2023.</p>
<p><b>Lugar:</b> Plaza de las Tendillas</p>
</div><div class="fusion-alignleft"><style type="text/css">.fusion-button.button-1 {border-radius:0px;}</style><a class="fusion-button button-flat button-medium button-default button-1 fusion-button-span-no fusion-button-default-type" target="_blank" rel="noopener noreferrer" href="https://teatrocordoba.es/festival-guitarra-cordoba/actividades-complementarias-2023/una-aproximacion-visual-a-la-guitarra/"><span class="fusion-button-text">Visitar página</span></a></div><div class="fusion-clearfix"></div></div></div></div></div></p>
