{"id":7,"date":"2015-12-02T10:48:37","date_gmt":"2015-12-02T10:48:37","guid":{"rendered":"http:\/\/theme-fusion.com\/avada\/university\/?page_id=7"},"modified":"2026-03-25T08:27:18","modified_gmt":"2026-03-25T08:27:18","slug":"festival-de-la-guitarra-de-cordoba","status":"publish","type":"page","link":"https:\/\/teatrocordoba.es\/festival-guitarra-cordoba\/","title":{"rendered":"Festival de la Guitarra de C\u00f3rdoba"},"content":{"rendered":"<p><div class=\"fusion-fullwidth fullwidth-box fusion-builder-row-1 nonhundred-percent-fullwidth non-hundred-percent-height-scrolling\" style=\"background-color: rgba(255,255,255,0);background-position: center center;background-repeat: no-repeat;padding-top:0px;padding-right:0px;padding-bottom:0px;padding-left:0px;margin-bottom: 0px;margin-top: 2%;border-width: 0px 0px 0px 0px;border-color:#e7e4e2;border-style:solid;\" ><div class=\"fusion-builder-row fusion-row\"><div class=\"fusion-layout-column fusion_builder_column fusion-builder-column-0 fusion_builder_column_1_6 1_6 fusion-one-sixth fusion-column-first fusion-column-no-min-height fusion-no-small-visibility\" style=\"width:13.3333%; margin-right: 4%;margin-top:10px;margin-bottom:10px;\"><div class=\"fusion-column-wrapper fusion-flex-column-wrapper-legacy\" style=\"background-position:left top;background-repeat:no-repeat;-webkit-background-size:cover;-moz-background-size:cover;-o-background-size:cover;background-size:cover;padding: 0px 0px 0px 0px;\"><div class=\"fusion-clearfix\"><\/div><\/div><\/div><div class=\"fusion-layout-column fusion_builder_column fusion-builder-column-1 fusion_builder_column_2_3 2_3 fusion-two-third fusion-column-no-min-height\" style=\"width:65.3333%; margin-right: 4%;margin-top:0px;margin-bottom:0px;\"><div class=\"fusion-column-wrapper fusion-flex-column-wrapper-legacy\" style=\"background-position:left top;background-repeat:no-repeat;-webkit-background-size:cover;-moz-background-size:cover;-o-background-size:cover;background-size:cover;padding: 50px 0px 0px 0px;\"><style type=\"text\/css\"><\/style><div class=\"fusion-title title fusion-title-1 fusion-title-center fusion-title-text fusion-title-size-one\" style=\"font-size:3em;margin-top:0px;margin-bottom:30px;\"><div class=\"title-sep-container title-sep-container-left\"><div class=\"title-sep sep-single sep-solid\" style=\"border-color:#e7e4e2;\"><\/div><\/div><h1 class=\"title-heading-center\" style=\"font-family:&quot;gosha bold&quot;;font-weight:400;margin:0;font-size:1em;line-height:1.50;color:#000000;\">Os esperamos en el #45FGC<\/h1><div class=\"title-sep-container title-sep-container-right\"><div class=\"title-sep sep-single sep-solid\" style=\"border-color:#e7e4e2;\"><\/div><\/div><\/div><div class=\"imageframe-align-center\"><span class=\" fusion-imageframe imageframe-none imageframe-1 hover-type-none\" style=\"width:100%;max-width:30%;\"><img width=\"1920\" height=\"100\" title=\"scroll-patron-1920&#215;100\" src=\"https:\/\/teatrocordoba.es\/festival-guitarra-cordoba\/wp-content\/uploads\/2025\/12\/scroll-patron-1920x100-1.gif\" class=\"img-responsive wp-image-8737\"\/><\/span><\/div><div class=\"fusion-clearfix\"><\/div><\/div><\/div><div class=\"fusion-layout-column fusion_builder_column fusion-builder-column-2 fusion_builder_column_1_6 1_6 fusion-one-sixth fusion-column-last fusion-column-no-min-height fusion-no-small-visibility\" style=\"width:13.3333%;margin-top:10px;margin-bottom:10px;\"><div class=\"fusion-column-wrapper fusion-flex-column-wrapper-legacy\" style=\"background-position:left top;background-repeat:no-repeat;-webkit-background-size:cover;-moz-background-size:cover;-o-background-size:cover;background-size:cover;padding: 0px 0px 0px 0px;\"><div class=\"fusion-clearfix\"><\/div><\/div><\/div><\/div><\/div><div class=\"fusion-fullwidth fullwidth-box fusion-builder-row-2 nonhundred-percent-fullwidth non-hundred-percent-height-scrolling\" style=\"background-color: rgba(255,255,255,0);background-position: center center;background-repeat: no-repeat;padding-top:0px;padding-right:0px;padding-bottom:0px;padding-left:0px;margin-bottom: 0px;margin-top: 0%;border-width: 0px 0px 0px 0px;border-color:#e7e4e2;border-style:solid;\" ><div class=\"fusion-builder-row fusion-row\"><div class=\"fusion-layout-column fusion_builder_column fusion-builder-column-3 fusion_builder_column_1_1 1_1 fusion-one-full fusion-column-first fusion-column-last fusion-column-no-min-height\" style=\"margin-top:50px;margin-bottom:50px;\"><div class=\"fusion-column-wrapper fusion-flex-column-wrapper-legacy\" style=\"background-position:left top;background-repeat:no-repeat;-webkit-background-size:cover;-moz-background-size:cover;-o-background-size:cover;background-size:cover;padding: 0px 50px 0px 50px;\"><div class=\"fusion-text fusion-text-1\" style=\"font-size:16px;transform:translate3d(0,0,0);\"><p style=\"text-align: center;\"><span data-contrast=\"auto\">El Festival de la Guitarra de C\u00f3rdoba celebra <strong>del 1 al 11 de julio<\/strong> su cuadrag\u00e9simo quinta edici\u00f3n, una<strong> cita que evoluciona<\/strong> manteniendo siempre su mirada en los or\u00edgenes de un Festival pionero, considerado raro en su especie por su car\u00e1cter antol\u00f3gico y monogr\u00e1fico. La singularidad de este evento anual pasa por diez d\u00edas de<strong> conciertos, espect\u00e1culos, formaciones, conferencias<\/strong> y otras actividades.<\/span><\/p>\n<p style=\"text-align: center;\"><span data-contrast=\"auto\">El <strong>Festival de la Guitarra de C\u00f3rdoba<\/strong> se erige como una antolog\u00eda, es decir, una <strong>colecci\u00f3n \u00fanica<\/strong> a la que el p\u00fablico se acerca para, no solo disfrutar de lo que ya ama, sino <strong>descubrir nuevos artistas, g\u00e9neros y espect\u00e1culos<\/strong>. Un conjunto de piezas que han enriquecido y prestigiado la historia del Festival durante 45 ediciones con voces, rasgueos, ritmos flamencos, cl\u00e1sicos, danza, <strong>artistas del indie, pop, jazz, rock o metal<\/strong>.<\/span><\/p>\n<p style=\"text-align: center;\"><span data-contrast=\"auto\">Al igual que la guitarra est\u00e1 formada por diferentes elementos que en conjunto crean melod\u00edas y sonidos propios, el Festival de la Guitarra se sostiene sobre <strong>tres pilares fundamentales: espect\u00e1culos, formaci\u00f3n y conocimiento<\/strong>. <\/span><\/p>\n<p style=\"text-align: center;\"><span data-contrast=\"auto\">Todo ello ubicado en los emblem\u00e1ticos Teatros de C\u00f3rdoba: el Gran Teatro, el Teatro G\u00f3ngora y el Teatro de la Axerqu\u00eda; as\u00ed como en centros educativos y culturales de la ciudad.<\/span><\/p>\n<p style=\"text-align: center;\"><span data-contrast=\"auto\">Conoce toda la programaci\u00f3n en nuestra web y no te quedes sin vivir el 45 Festival de la Guitarra de C\u00f3rdoba. <\/span><\/p>\n<p style=\"text-align: center; font-size: 18px !important;\"><strong><a href=\"https:\/\/entradas.teatrocordoba.es\/es\/categoria\/208\/45-festival-guitarra-cordoba\">\u00a1\u00a1Entradas ya a la venta!!<\/a><\/strong><\/p>\n<p>&nbsp;<\/p>\n<\/div><div class=\"fusion-clearfix\"><\/div><\/div><\/div><\/div><\/div><div class=\"fusion-fullwidth fullwidth-box fusion-builder-row-3 fusion-flex-container hundred-percent-fullwidth non-hundred-percent-height-scrolling\" style=\"background-color: rgba(255,255,255,0);background-position: center center;background-repeat: no-repeat;border-width: 0px 0px 0px 0px;border-color:#e7e4e2;border-style:solid;\" ><div class=\"fusion-builder-row fusion-row fusion-flex-align-items-flex-start\" style=\"width:104% !important;max-width:104% !important;margin-left: calc(-4% \/ 2 );margin-right: calc(-4% \/ 2 );\"><div class=\"fusion-layout-column fusion_builder_column fusion-builder-column-4 fusion_builder_column_1_1 1_1 fusion-flex-column\"><div class=\"fusion-column-wrapper fusion-flex-justify-content-flex-start fusion-content-layout-column\" style=\"background-position:left top;background-repeat:no-repeat;-webkit-background-size:cover;-moz-background-size:cover;-o-background-size:cover;background-size:cover;padding: 0px 0px 0px 0px;\"><div class=\"fusion-separator fusion-full-width-sep\" style=\"align-self: center;margin-left: auto;margin-right: auto;flex-grow:3;width:100%;\"><div class=\"fusion-separator-border sep-single sep-solid\" style=\"border-color:#919c62;border-top-width:3px;\"><\/div><\/div><\/div><\/div><style type=\"text\/css\">.fusion-body .fusion-builder-column-4{width:100% !important;margin-top : 0px;margin-bottom : 0px;}.fusion-builder-column-4 > .fusion-column-wrapper {padding-top : 0 !important;padding-right : 0 !important;margin-right : 0;padding-bottom : 0 !important;padding-left : 0 !important;margin-left : 0;}@media only screen and (max-width:1024px) {.fusion-body .fusion-builder-column-4{width:100% !important;order : 0;}.fusion-builder-column-4 > .fusion-column-wrapper {margin-right : 1.92%;margin-left : 1.92%;}}@media only screen and (max-width:640px) {.fusion-body .fusion-builder-column-4{width:100% !important;order : 0;}.fusion-builder-column-4 > .fusion-column-wrapper {margin-right : 1.92%;margin-left : 1.92%;}}<\/style><\/div><style type=\"text\/css\">.fusion-body .fusion-flex-container.fusion-builder-row-3{ padding-top : 0px;margin-top : 0px;padding-right : 0px;padding-bottom : 0px;margin-bottom : 0px;padding-left : 0px;}<\/style><\/div><div class=\"fusion-fullwidth fullwidth-box fusion-builder-row-4 fusion-flex-container hundred-percent-fullwidth non-hundred-percent-height-scrolling\" style=\"background-color: #ffffff;background-position: left top;background-repeat: no-repeat;border-width: 0px 0px 0px 0px;border-color:#e7e4e2;border-style:solid;\" ><div class=\"fusion-builder-row fusion-row fusion-flex-align-items-flex-start fusion-flex-justify-content-center\" style=\"width:104% !important;max-width:104% !important;margin-left: calc(-4% \/ 2 );margin-right: calc(-4% \/ 2 );\"><div class=\"fusion-layout-column fusion_builder_column fusion-builder-column-5 fusion_builder_column_1_3 1_3 fusion-flex-column hide\"><div class=\"fusion-column-wrapper fusion-flex-justify-content-center fusion-content-layout-column\" style=\"background-position:left top;background-repeat:no-repeat;-webkit-background-size:cover;-moz-background-size:cover;-o-background-size:cover;background-size:cover;padding: 10% 35px 0px 0px;\"><div ><span class=\" fusion-imageframe imageframe-none imageframe-2 hover-type-none\"><img src=\"https:\/\/guitarracordoba.es\/wp-content\/uploads\/2020\/02\/cartel-vertical.jpg\" class=\"img-responsive\"\/><\/span><\/div><\/div><\/div><style type=\"text\/css\">.fusion-body .fusion-builder-column-5{width:33.333333333333% !important;margin-top : 10px;margin-bottom : 10px;}.fusion-builder-column-5 > .fusion-column-wrapper {padding-top : 10% !important;padding-right : 35px !important;margin-right : 5.76%;padding-bottom : 0px !important;padding-left : 0px !important;margin-left : 5.76%;}@media only screen and (max-width:1024px) {.fusion-body .fusion-builder-column-5{width:100% !important;}.fusion-builder-column-5 > .fusion-column-wrapper {margin-right : 1.92%;margin-left : 1.92%;}}@media only screen and (max-width:640px) {.fusion-body .fusion-builder-column-5{width:100% !important;}.fusion-builder-column-5 > .fusion-column-wrapper {margin-right : 1.92%;margin-left : 1.92%;}}<\/style><\/div><style type=\"text\/css\">.fusion-body .fusion-flex-container.fusion-builder-row-4{ padding-top : 0px;margin-top : 0px;padding-right : 0px;padding-bottom : 0%;margin-bottom : 0px;padding-left : 0px;}<\/style><\/div><div class=\"fusion-fullwidth fullwidth-box fusion-builder-row-5 hundred-percent-fullwidth non-hundred-percent-height-scrolling\" style=\"background-color: #F2E2CE;background-position: center center;background-repeat: no-repeat;padding-top:0px;padding-right:0px;padding-bottom:0px;padding-left:0px;margin-bottom: 0px;margin-top: 0px;border-width: 0px 0px 0px 0px;border-color:#000000;border-style:solid;\" ><div class=\"fusion-builder-row fusion-row\"><div class=\"fusion-layout-column fusion_builder_column fusion-builder-column-6 fusion_builder_column_1_1 1_1 fusion-one-full fusion-column-first fusion-column-last\" style=\"margin-top:0px;margin-bottom:0px;\"><div class=\"fusion-column-wrapper fusion-flex-column-wrapper-legacy\" style=\"background-position:left top;background-repeat:no-repeat;-webkit-background-size:cover;-moz-background-size:cover;-o-background-size:cover;background-size:cover;background-color:#f2e2ce;padding: 0px 0px 0px 0px;\"><div class=\"imageframe-align-center\"><span class=\" fusion-imageframe imageframe-none imageframe-3 hover-type-none\" style=\"margin-top:%;\"><img width=\"1500\" height=\"500\" alt=\"Logos Festival\" title=\"FESTIVAL GUITARRA_footer-LOGOS-25marzo26_\" src=\"https:\/\/teatrocordoba.es\/festival-guitarra-cordoba\/wp-content\/uploads\/2026\/03\/FESTIVAL-GUITARRA_footer-LOGOS-25marzo26_.png\" class=\"img-responsive wp-image-9306\" srcset=\"https:\/\/teatrocordoba.es\/festival-guitarra-cordoba\/wp-content\/uploads\/2026\/03\/FESTIVAL-GUITARRA_footer-LOGOS-25marzo26_-200x67.png 200w, https:\/\/teatrocordoba.es\/festival-guitarra-cordoba\/wp-content\/uploads\/2026\/03\/FESTIVAL-GUITARRA_footer-LOGOS-25marzo26_-400x133.png 400w, https:\/\/teatrocordoba.es\/festival-guitarra-cordoba\/wp-content\/uploads\/2026\/03\/FESTIVAL-GUITARRA_footer-LOGOS-25marzo26_-600x200.png 600w, https:\/\/teatrocordoba.es\/festival-guitarra-cordoba\/wp-content\/uploads\/2026\/03\/FESTIVAL-GUITARRA_footer-LOGOS-25marzo26_-800x267.png 800w, https:\/\/teatrocordoba.es\/festival-guitarra-cordoba\/wp-content\/uploads\/2026\/03\/FESTIVAL-GUITARRA_footer-LOGOS-25marzo26_-1200x400.png 1200w, https:\/\/teatrocordoba.es\/festival-guitarra-cordoba\/wp-content\/uploads\/2026\/03\/FESTIVAL-GUITARRA_footer-LOGOS-25marzo26_.png 1500w\" sizes=\"(max-width: 1000px) 100vw, 1500px\" \/><\/span><\/div><div class=\"fusion-clearfix\"><\/div><\/div><\/div><\/div><\/div><\/p>\n","protected":false},"excerpt":{"rendered":"","protected":false},"author":4,"featured_media":0,"parent":0,"menu_order":0,"comment_status":"closed","ping_status":"closed","template":"100-width.php","meta":[],"acf":[],"_links":{"self":[{"href":"https:\/\/teatrocordoba.es\/festival-guitarra-cordoba\/wp-json\/wp\/v2\/pages\/7"}],"collection":[{"href":"https:\/\/teatrocordoba.es\/festival-guitarra-cordoba\/wp-json\/wp\/v2\/pages"}],"about":[{"href":"https:\/\/teatrocordoba.es\/festival-guitarra-cordoba\/wp-json\/wp\/v2\/types\/page"}],"author":[{"embeddable":true,"href":"https:\/\/teatrocordoba.es\/festival-guitarra-cordoba\/wp-json\/wp\/v2\/users\/4"}],"replies":[{"embeddable":true,"href":"https:\/\/teatrocordoba.es\/festival-guitarra-cordoba\/wp-json\/wp\/v2\/comments?post=7"}],"version-history":[{"count":285,"href":"https:\/\/teatrocordoba.es\/festival-guitarra-cordoba\/wp-json\/wp\/v2\/pages\/7\/revisions"}],"predecessor-version":[{"id":9311,"href":"https:\/\/teatrocordoba.es\/festival-guitarra-cordoba\/wp-json\/wp\/v2\/pages\/7\/revisions\/9311"}],"wp:attachment":[{"href":"https:\/\/teatrocordoba.es\/festival-guitarra-cordoba\/wp-json\/wp\/v2\/media?parent=7"}],"curies":[{"name":"wp","href":"https:\/\/api.w.org\/{rel}","templated":true}]}}

Festival de la Guitarra de Córdoba

<p><div class="fusion-fullwidth fullwidth-box fusion-builder-row-1 nonhundred-percent-fullwidth non-hundred-percent-height-scrolling" style="background-color: rgba(255,255,255,0);background-position: center center;background-repeat: no-repeat;padding-top:0px;padding-right:0px;padding-bottom:0px;padding-left:0px;margin-bottom: 0px;margin-top: 2%;border-width: 0px 0px 0px 0px;border-color:#e7e4e2;border-style:solid;" ><div class="fusion-builder-row fusion-row"><div class="fusion-layout-column fusion_builder_column fusion-builder-column-0 fusion_builder_column_1_6 1_6 fusion-one-sixth fusion-column-first fusion-column-no-min-height fusion-no-small-visibility" style="width:13.3333%; margin-right: 4%;margin-top:10px;margin-bottom:10px;"><div class="fusion-column-wrapper fusion-flex-column-wrapper-legacy" style="background-position:left top;background-repeat:no-repeat;-webkit-background-size:cover;-moz-background-size:cover;-o-background-size:cover;background-size:cover;padding: 0px 0px 0px 0px;"><div class="fusion-clearfix"></div></div></div><div class="fusion-layout-column fusion_builder_column fusion-builder-column-1 fusion_builder_column_2_3 2_3 fusion-two-third fusion-column-no-min-height" style="width:65.3333%; margin-right: 4%;margin-top:0px;margin-bottom:0px;"><div class="fusion-column-wrapper fusion-flex-column-wrapper-legacy" style="background-position:left top;background-repeat:no-repeat;-webkit-background-size:cover;-moz-background-size:cover;-o-background-size:cover;background-size:cover;padding: 50px 0px 0px 0px;"><style type="text/css"></style><div class="fusion-title title fusion-title-1 fusion-title-center fusion-title-text fusion-title-size-one" style="font-size:3em;margin-top:0px;margin-bottom:30px;"><div class="title-sep-container title-sep-container-left"><div class="title-sep sep-single sep-solid" style="border-color:#e7e4e2;"></div></div><h1 class="title-heading-center" style="font-family:&quot;gosha bold&quot;;font-weight:400;margin:0;font-size:1em;line-height:1.50;color:#000000;">Os esperamos en el #45FGC</h1><div class="title-sep-container title-sep-container-right"><div class="title-sep sep-single sep-solid" style="border-color:#e7e4e2;"></div></div></div><div class="imageframe-align-center"><span class=" fusion-imageframe imageframe-none imageframe-1 hover-type-none" style="width:100%;max-width:30%;"><img width="1920" height="100" title="scroll-patron-1920&#215;100" src="https://teatrocordoba.es/festival-guitarra-cordoba/wp-content/uploads/2025/12/scroll-patron-1920x100-1.gif" class="img-responsive wp-image-8737"/></span></div><div class="fusion-clearfix"></div></div></div><div class="fusion-layout-column fusion_builder_column fusion-builder-column-2 fusion_builder_column_1_6 1_6 fusion-one-sixth fusion-column-last fusion-column-no-min-height fusion-no-small-visibility" style="width:13.3333%;margin-top:10px;margin-bottom:10px;"><div class="fusion-column-wrapper fusion-flex-column-wrapper-legacy" style="background-position:left top;background-repeat:no-repeat;-webkit-background-size:cover;-moz-background-size:cover;-o-background-size:cover;background-size:cover;padding: 0px 0px 0px 0px;"><div class="fusion-clearfix"></div></div></div></div></div><div class="fusion-fullwidth fullwidth-box fusion-builder-row-2 nonhundred-percent-fullwidth non-hundred-percent-height-scrolling" style="background-color: rgba(255,255,255,0);background-position: center center;background-repeat: no-repeat;padding-top:0px;padding-right:0px;padding-bottom:0px;padding-left:0px;margin-bottom: 0px;margin-top: 0%;border-width: 0px 0px 0px 0px;border-color:#e7e4e2;border-style:solid;" ><div class="fusion-builder-row fusion-row"><div class="fusion-layout-column fusion_builder_column fusion-builder-column-3 fusion_builder_column_1_1 1_1 fusion-one-full fusion-column-first fusion-column-last fusion-column-no-min-height" style="margin-top:50px;margin-bottom:50px;"><div class="fusion-column-wrapper fusion-flex-column-wrapper-legacy" style="background-position:left top;background-repeat:no-repeat;-webkit-background-size:cover;-moz-background-size:cover;-o-background-size:cover;background-size:cover;padding: 0px 50px 0px 50px;"><div class="fusion-text fusion-text-1" style="font-size:16px;transform:translate3d(0,0,0);"><p style="text-align: center;"><span data-contrast="auto">El Festival de la Guitarra de Córdoba celebra <strong>del 1 al 11 de julio</strong> su cuadragésimo quinta edición, una<strong> cita que evoluciona</strong> manteniendo siempre su mirada en los orígenes de un Festival pionero, considerado raro en su especie por su carácter antológico y monográfico. La singularidad de este evento anual pasa por diez días de<strong> conciertos, espectáculos, formaciones, conferencias</strong> y otras actividades.</span></p>
<p style="text-align: center;"><span data-contrast="auto">El <strong>Festival de la Guitarra de Córdoba</strong> se erige como una antología, es decir, una <strong>colección única</strong> a la que el público se acerca para, no solo disfrutar de lo que ya ama, sino <strong>descubrir nuevos artistas, géneros y espectáculos</strong>. Un conjunto de piezas que han enriquecido y prestigiado la historia del Festival durante 45 ediciones con voces, rasgueos, ritmos flamencos, clásicos, danza, <strong>artistas del indie, pop, jazz, rock o metal</strong>.</span></p>
<p style="text-align: center;"><span data-contrast="auto">Al igual que la guitarra está formada por diferentes elementos que en conjunto crean melodías y sonidos propios, el Festival de la Guitarra se sostiene sobre <strong>tres pilares fundamentales: espectáculos, formación y conocimiento</strong>. </span></p>
<p style="text-align: center;"><span data-contrast="auto">Todo ello ubicado en los emblemáticos Teatros de Córdoba: el Gran Teatro, el Teatro Góngora y el Teatro de la Axerquía; así como en centros educativos y culturales de la ciudad.</span></p>
<p style="text-align: center;"><span data-contrast="auto">Conoce toda la programación en nuestra web y no te quedes sin vivir el 45 Festival de la Guitarra de Córdoba. </span></p>
<p style="text-align: center; font-size: 18px !important;"><strong><a href="https://entradas.teatrocordoba.es/es/categoria/208/45-festival-guitarra-cordoba">¡¡Entradas ya a la venta!!</a></strong></p>
<p>&nbsp;</p>
</div><div class="fusion-clearfix"></div></div></div></div></div><div class="fusion-fullwidth fullwidth-box fusion-builder-row-3 fusion-flex-container hundred-percent-fullwidth non-hundred-percent-height-scrolling" style="background-color: rgba(255,255,255,0);background-position: center center;background-repeat: no-repeat;border-width: 0px 0px 0px 0px;border-color:#e7e4e2;border-style:solid;" ><div class="fusion-builder-row fusion-row fusion-flex-align-items-flex-start" style="width:104% !important;max-width:104% !important;margin-left: calc(-4% / 2 );margin-right: calc(-4% / 2 );"><div class="fusion-layout-column fusion_builder_column fusion-builder-column-4 fusion_builder_column_1_1 1_1 fusion-flex-column"><div class="fusion-column-wrapper fusion-flex-justify-content-flex-start fusion-content-layout-column" style="background-position:left top;background-repeat:no-repeat;-webkit-background-size:cover;-moz-background-size:cover;-o-background-size:cover;background-size:cover;padding: 0px 0px 0px 0px;"><div class="fusion-separator fusion-full-width-sep" style="align-self: center;margin-left: auto;margin-right: auto;flex-grow:3;width:100%;"><div class="fusion-separator-border sep-single sep-solid" style="border-color:#919c62;border-top-width:3px;"></div></div></div></div><style type="text/css">.fusion-body .fusion-builder-column-4{width:100% !important;margin-top : 0px;margin-bottom : 0px;}.fusion-builder-column-4 > .fusion-column-wrapper {padding-top : 0 !important;padding-right : 0 !important;margin-right : 0;padding-bottom : 0 !important;padding-left : 0 !important;margin-left : 0;}@media only screen and (max-width:1024px) {.fusion-body .fusion-builder-column-4{width:100% !important;order : 0;}.fusion-builder-column-4 > .fusion-column-wrapper {margin-right : 1.92%;margin-left : 1.92%;}}@media only screen and (max-width:640px) {.fusion-body .fusion-builder-column-4{width:100% !important;order : 0;}.fusion-builder-column-4 > .fusion-column-wrapper {margin-right : 1.92%;margin-left : 1.92%;}}</style></div><style type="text/css">.fusion-body .fusion-flex-container.fusion-builder-row-3{ padding-top : 0px;margin-top : 0px;padding-right : 0px;padding-bottom : 0px;margin-bottom : 0px;padding-left : 0px;}</style></div><div class="fusion-fullwidth fullwidth-box fusion-builder-row-4 fusion-flex-container hundred-percent-fullwidth non-hundred-percent-height-scrolling" style="background-color: #ffffff;background-position: left top;background-repeat: no-repeat;border-width: 0px 0px 0px 0px;border-color:#e7e4e2;border-style:solid;" ><div class="fusion-builder-row fusion-row fusion-flex-align-items-flex-start fusion-flex-justify-content-center" style="width:104% !important;max-width:104% !important;margin-left: calc(-4% / 2 );margin-right: calc(-4% / 2 );"><div class="fusion-layout-column fusion_builder_column fusion-builder-column-5 fusion_builder_column_1_3 1_3 fusion-flex-column hide"><div class="fusion-column-wrapper fusion-flex-justify-content-center fusion-content-layout-column" style="background-position:left top;background-repeat:no-repeat;-webkit-background-size:cover;-moz-background-size:cover;-o-background-size:cover;background-size:cover;padding: 10% 35px 0px 0px;"><div ><span class=" fusion-imageframe imageframe-none imageframe-2 hover-type-none"><img src="https://guitarracordoba.es/wp-content/uploads/2020/02/cartel-vertical.jpg" class="img-responsive"/></span></div></div></div><style type="text/css">.fusion-body .fusion-builder-column-5{width:33.333333333333% !important;margin-top : 10px;margin-bottom : 10px;}.fusion-builder-column-5 > .fusion-column-wrapper {padding-top : 10% !important;padding-right : 35px !important;margin-right : 5.76%;padding-bottom : 0px !important;padding-left : 0px !important;margin-left : 5.76%;}@media only screen and (max-width:1024px) {.fusion-body .fusion-builder-column-5{width:100% !important;}.fusion-builder-column-5 > .fusion-column-wrapper {margin-right : 1.92%;margin-left : 1.92%;}}@media only screen and (max-width:640px) {.fusion-body .fusion-builder-column-5{width:100% !important;}.fusion-builder-column-5 > .fusion-column-wrapper {margin-right : 1.92%;margin-left : 1.92%;}}</style></div><style type="text/css">.fusion-body .fusion-flex-container.fusion-builder-row-4{ padding-top : 0px;margin-top : 0px;padding-right : 0px;padding-bottom : 0%;margin-bottom : 0px;padding-left : 0px;}</style></div><div class="fusion-fullwidth fullwidth-box fusion-builder-row-5 hundred-percent-fullwidth non-hundred-percent-height-scrolling" style="background-color: #F2E2CE;background-position: center center;background-repeat: no-repeat;padding-top:0px;padding-right:0px;padding-bottom:0px;padding-left:0px;margin-bottom: 0px;margin-top: 0px;border-width: 0px 0px 0px 0px;border-color:#000000;border-style:solid;" ><div class="fusion-builder-row fusion-row"><div class="fusion-layout-column fusion_builder_column fusion-builder-column-6 fusion_builder_column_1_1 1_1 fusion-one-full fusion-column-first fusion-column-last" style="margin-top:0px;margin-bottom:0px;"><div class="fusion-column-wrapper fusion-flex-column-wrapper-legacy" style="background-position:left top;background-repeat:no-repeat;-webkit-background-size:cover;-moz-background-size:cover;-o-background-size:cover;background-size:cover;background-color:#f2e2ce;padding: 0px 0px 0px 0px;"><div class="imageframe-align-center"><span class=" fusion-imageframe imageframe-none imageframe-3 hover-type-none" style="margin-top:%;"><img width="1500" height="500" alt="Logos Festival" title="FESTIVAL GUITARRA_footer-LOGOS-25marzo26_" src="https://teatrocordoba.es/festival-guitarra-cordoba/wp-content/uploads/2026/03/FESTIVAL-GUITARRA_footer-LOGOS-25marzo26_.png" class="img-responsive wp-image-9306" srcset="https://teatrocordoba.es/festival-guitarra-cordoba/wp-content/uploads/2026/03/FESTIVAL-GUITARRA_footer-LOGOS-25marzo26_-200x67.png 200w, https://teatrocordoba.es/festival-guitarra-cordoba/wp-content/uploads/2026/03/FESTIVAL-GUITARRA_footer-LOGOS-25marzo26_-400x133.png 400w, https://teatrocordoba.es/festival-guitarra-cordoba/wp-content/uploads/2026/03/FESTIVAL-GUITARRA_footer-LOGOS-25marzo26_-600x200.png 600w, https://teatrocordoba.es/festival-guitarra-cordoba/wp-content/uploads/2026/03/FESTIVAL-GUITARRA_footer-LOGOS-25marzo26_-800x267.png 800w, https://teatrocordoba.es/festival-guitarra-cordoba/wp-content/uploads/2026/03/FESTIVAL-GUITARRA_footer-LOGOS-25marzo26_-1200x400.png 1200w, https://teatrocordoba.es/festival-guitarra-cordoba/wp-content/uploads/2026/03/FESTIVAL-GUITARRA_footer-LOGOS-25marzo26_.png 1500w" sizes="(max-width: 1000px) 100vw, 1500px" /></span></div><div class="fusion-clearfix"></div></div></div></div></div></p>
